{"id":10102,"date":"2024-02-18T18:56:44","date_gmt":"2024-02-18T17:56:44","guid":{"rendered":"https:\/\/bergbau-gr.ch\/?page_id=10102"},"modified":"2024-10-21T09:11:42","modified_gmt":"2024-10-21T07:11:42","slug":"erlebnisse-2024","status":"publish","type":"page","link":"https:\/\/bergbau-gr.ch\/?page_id=10102","title":{"rendered":"Erlebnisse 2024"},"content":{"rendered":"\n<p><strong>Willkommen bei unseren erlebten Veranstaltungen im 2024<\/strong><\/p>\n\n\n<p><strong>Samstag 12. Oktober 2024 Chevas Plattas da Fex<\/strong><br>Besuch der <a href=\"https:\/\/www.plattas-da-fex.ch\/home\/\" target=\"_blank\" rel=\"noopener\">Chevas Plattas da Fex<\/a>: Unter kundiger Begleitung von Reto Zuan durften wir den geschichtstr\u00e4chtigen Abbau der Schieferplatten besuchen. Grazcha fichum!<\/p>\nngg_shortcode_0_placeholder\n\n\n<hr class=\"wp-block-separator has-alpha-channel-opacity\"\/>\n\n\n<p><strong>Dienstag 3. September 24 Bergbaumuseum Graub\u00fcnden \/ Z\u00fcgenweg<\/strong><br \/>Am Montag 2. Sept. wurde endlich die alte Z\u00fcgenstrasse, nach \u00fcber 13 Monaten wieder <a href=\"https:\/\/www.gemeindedavos.ch\/aktuellesinformationen\/2231728\" target=\"_blank\" rel=\"noopener\">ge\u00f6ffnet<\/a>!&nbsp; Also besuche das <a href=\"https:\/\/www.bergbau-museum.ch\/\" target=\"_blank\" rel=\"noopener\">Museum<\/a> in Verbindung einer Wanderung und bewundere die Naturgewalten, bis das Museum am 18.10.24 wieder in den Winterschlaf geht. Vorsicht, leider hat sich die RhB wieder in den traurigen Restfahrplan verkrochen!<\/p>\nngg_shortcode_1_placeholder\n\n\n<hr class=\"wp-block-separator has-alpha-channel-opacity\"\/>\n\n\n<p><strong>Samstag 10. August 24<\/strong><br \/>FBG-Exkursion <strong>Gnapperkopf<\/strong>, V\u00e4ttis<br \/>Acht Kurzentschlossene trafen sich zum Besuch des Gnapperkopfs. Gem\u00fctlich stiegen wir auf, pausierten auf dem Felskopf und besuchten die Stollen. Nach dem Stollenbesuch genossen Sechs die Aussicht vom Felskopf auf V\u00e4ttis und zwei Berggemsen suchten den&nbsp; tauben Stollen am Chrummlauizugtobel in unwegsamen Gel\u00e4nde. Der Jauchzer und die Bilder&nbsp; best\u00e4tigten, dass sie ihn fanden. Die Exkursion klang dann in der Gastst\u00e4tte in V\u00e4ttis aus. (Bilder: Andreas, Matti, Roger, Husu)<\/p>\nngg_shortcode_2_placeholder\n\n\n<hr class=\"wp-block-separator has-alpha-channel-opacity\"\/>\n\n\n<p><strong>Wochenende 3.\/4. August Monsteinerfest<br \/><\/strong>Das diesj\u00e4hrige Monsteinerfest lebte vom Thema<strong> &#8222;Bergbu&#8220;<\/strong>. Der <a href=\"http:\/\/www.silberberg-davos.ch\/\" target=\"_blank\" rel=\"noopener\">BSD<\/a> war mit verschiednen Posten zum Bergbau sehr pr\u00e4sent und zeigte auch das Bergbauhaus\/alter Sch\u00fctzenstand bei der S\u00e4ge und die Stollenf\u00fchrungen zum Rosalienstollen waren sehr gut besucht. Zusammen mit <a href=\"https:\/\/www.bergbau-museum.ch\/\" target=\"_blank\" rel=\"noopener\">Bergbaumuseum Graub\u00fcnden<\/a> und <a href=\"http:\/\/www.silberberg-davos.ch\/\" target=\"_blank\" rel=\"noopener\">BSD<\/a> durften wir an einem Infosstand bei der Kirche zentral pr\u00e4sent sein. Vielen Dank dem <a href=\"http:\/\/www.silberberg-davos.ch\/\" target=\"_blank\" rel=\"noopener\">BSD<\/a> f\u00fcr die Bem\u00fchungen.<\/p>\n\n\nngg_shortcode_3_placeholder\n\n\n\n<hr class=\"wp-block-separator has-alpha-channel-opacity\"\/>\n\n\n<p><strong>Wochendene 27.\/28. Juli FBG Zweitagestour im Gonzen<br \/><\/strong>Eine 10er Gruppe befuhr unter kundiger Begleitung der Gonzen Scouts in einer strengen <a href=\"https:\/\/www.bergwerk-gonzen.ch\/bergwerk-fuehrungen\/uebersicht-fuehrungsangebot\/2-tagesfuehrung\" target=\"_blank\" rel=\"noopener\">Tour<\/a> das Labyrint der Gallerien, Bremsberge, Gesenke, Abbauten und Fahrungen vom Basisstollen 500 m\u00fcM hoch bis zum oberen Ausgang der Grube 1 ca. 1350 m\u00fcM. <a href=\"http:\/\/blog.ateliereisen.ch\/?p=8293\" target=\"_blank\" rel=\"noopener\">LuisaBlog.<\/a> (Bilder-Gallerie Matti)<\/p>\n<div style=\"width: 584px;\" class=\"wp-video\"><video class=\"wp-video-shortcode\" id=\"video-10102-1\" width=\"584\" height=\"329\" preload=\"metadata\" controls=\"controls\"><source type=\"video\/mp4\" src=\"https:\/\/bergbau-gr.ch\/wordpress\/wp-content\/uploads\/2024\/08\/20240727_104819.mp4?_=1\" \/><a href=\"https:\/\/bergbau-gr.ch\/wordpress\/wp-content\/uploads\/2024\/08\/20240727_104819.mp4\">https:\/\/bergbau-gr.ch\/wordpress\/wp-content\/uploads\/2024\/08\/20240727_104819.mp4<\/a><\/video><\/div>\nngg_shortcode_4_placeholder\n\n\n<hr class=\"wp-block-separator has-alpha-channel-opacity\"\/>\n\n\n<p><strong><a href=\"https:\/\/bergbau-gr.ch\/wordpress\/wp-content\/uploads\/2024\/07\/Davos03.jpg\"><img loading=\"lazy\" decoding=\"async\" class=\"alignright size-thumbnail wp-image-10490\" src=\"https:\/\/bergbau-gr.ch\/wordpress\/wp-content\/uploads\/2024\/07\/Davos03-150x113.jpg\" alt=\"\" width=\"150\" height=\"113\" srcset=\"https:\/\/bergbau-gr.ch\/wordpress\/wp-content\/uploads\/2024\/07\/Davos03-150x113.jpg 150w, https:\/\/bergbau-gr.ch\/wordpress\/wp-content\/uploads\/2024\/07\/Davos03-300x225.jpg 300w, https:\/\/bergbau-gr.ch\/wordpress\/wp-content\/uploads\/2024\/07\/Davos03-768x576.jpg 768w, https:\/\/bergbau-gr.ch\/wordpress\/wp-content\/uploads\/2024\/07\/Davos03-400x300.jpg 400w, https:\/\/bergbau-gr.ch\/wordpress\/wp-content\/uploads\/2024\/07\/Davos03.jpg 1024w\" sizes=\"auto, (max-width: 150px) 100vw, 150px\" \/><\/a>Samstag 21. Juli Infostand auf dem Arkadenplatz Davos<\/strong>, anl\u00e4sslich des Bundestages 500 Jahre Freistaat der gemeinen drei B\u00fcnde.<br \/>Danke den Betreuern vom <a href=\"https:\/\/www.bergbau-museum.ch\/\" target=\"_blank\" rel=\"noopener\">Bergbaumuseum Graub\u00fcnden<\/a> und dem <a href=\"http:\/\/www.silberberg-davos.ch\/\" target=\"_blank\" rel=\"noopener\">Bergbauverein Silberberg Davos<\/a><\/p>\n<p>&nbsp;<\/p>\n\n\n<hr class=\"wp-block-separator has-alpha-channel-opacity\"\/>\n\n\n<p><strong>Forschungen Buffalora gehen weiter<br \/><\/strong>Das Vermessungsteam erlasert immer wieder weitere Stollenmeter und das Ende ist noch nicht absehbar. <a href=\"https:\/\/3d.bergwerke.ch\/buffalora\/\" target=\"_blank\" rel=\"noopener\">Matti<\/a> erg\u00e4nzt das 3D-Modell und <a href=\"http:\/\/blog.ateliereisen.ch\/?p=8278\" target=\"_blank\" rel=\"noopener\">Luisa<\/a> erg\u00e4ntzt die Stollenpl\u00e4ne. Danke!<br \/><a href=\"https:\/\/www.srf.ch\/play\/tv\/redirect\/detail\/c5ba1a67-defa-4923-bbb2-49104a32d141?startTime=1283\" target=\"_blank\" rel=\"noopener\">Sendung SRF 1. August mit etwas Schalk<\/a><\/p>\n\n\n<hr class=\"wp-block-separator has-alpha-channel-opacity\"\/>\n\n\n<p><strong>Diensteg 9. Juli Schiferbach unter Casanna<\/strong><br \/>Wenn Mineralienautoren des BERGKNAPPE 144 fachsimpeln&#8230;.<br \/>Der Autor, Joachim Gr\u00f6bner, des Artikels &#8222;Eisen und Kupfer vom Parpaner Rothorn&#8220; interessierte sich um die Mineralienfundstellen, die im Artikel &#8222;Legende oder Wahrheit? Alte Geschichten neu interpretiert&#8220; von J\u00fcrg Probst beschrieben wurden. J\u00fcrg fuhr uns auf die Alp Casanna und&nbsp; f\u00fchrte uns an den wilden Schiferbach. In diesem Wildbachdobel voller Geschiebe und Ger\u00f6ll soll etwas zu finden sein? Tats\u00e4chlich staunten wir. Wie Im BERGKNAPPE beschrieben, waren im lehmartigen Sand haufenweise Pyritli und weiteres zu finden&#8230; Bin gespannt auf die Auswertungen. Es gibt bestimmt einen Folgeartikel der beiden Autoren. Vielen Dank den Autoren f\u00fcr die Publikationen ihrer Forschungen.<\/p>\nngg_shortcode_5_placeholder\n\n\n<hr class=\"wp-block-separator has-alpha-channel-opacity\"\/>\n\n\n<p><strong>FBG Exkursion Gotthard<\/strong><br \/>Samstag 6. Juli Sasso San Gottardo, Sonntag 7. Steinverarbeitung Hospental. (Bilder Gion, Husu)<br \/>Unsere kleine Gruppe fand sich am Samstagmittag im Regen und dichtem Nebel beim Eingang der Gotthardfestung ein. Im Gotthardfestungsmuseum<strong> <a href=\"https:\/\/www.sasso-sangottardo.ch\" target=\"_blank\" rel=\"noopener\">SASSO SAN GOTTARDO<\/a><\/strong> wurden wir herzlich empfangen. Der Direttore erm\u00f6glichte uns in alle Ecken der Bunkerfestung zu gucken und die geheimsten Ecken waren so geheim, dass wir nicht merkten, dass sie existieren. Einen ganz dicken Dank den Idealisten, die dieses Museum betreuen. <a href=\"https:\/\/bergbau-gr.ch\/wordpress\/wp-content\/uploads\/2024\/07\/IMG_9921.mov\" target=\"_blank\" rel=\"noopener\">Liftfahrt<\/a>.<br \/>Den Abend liessen wir im Albergo gem\u00fctlich ausklingen.<\/p>\nngg_shortcode_6_placeholder\n<p>Am Sonntag 7. Juli durften wir die <a href=\"https:\/\/www.gedeonregli.ch\/\" target=\"_blank\" rel=\"noopener\"><strong>GOTTHARD SERPENTIN UND SPECKSTEINWERKE<\/strong><\/a>&nbsp; der Familie Regli in Hospental besuchen. In der Werkst\u00e4tte staunten wir \u00fcber die <a href=\"https:\/\/bergbau-gr.ch\/wordpress\/wp-content\/uploads\/2024\/07\/20240707_093647.mp4\" target=\"_blank\" rel=\"noopener\">Steinbearbeitung<\/a> und bewunderten die verschiednen Natursteine auf Lager. Im Steinbruch herrschte dann mystische Stimmung im feuchten Nebel, wo wir die Abbauarten und den Kran bewunderten, sowie \u00fcber verschiedene Serpentinite diskutierten. Im&nbsp; gem\u00fctlichen Steinbruch-Werkst\u00e4tte-Wohn-Atelier-Geb\u00e4ude des Steinbruchs kamen wir endg\u00fcltig nicht mehr aus dem Staunen. Was der K\u00fcnstler <a href=\"https:\/\/www.gedeonregli.ch\/bildhauerei\/gedeon-regli-iv\/\" target=\"_blank\" rel=\"noopener\">Gedeon IV<\/a>&nbsp; in seiner vielseitigen Kreativit\u00e4t hervorzaubert ist schlicht grossartig.<br \/>Ganz, ganz herzlichen Dank dem Gastgeber.<\/p>\nngg_shortcode_7_placeholder\n\n\n<hr class=\"wp-block-separator has-alpha-channel-opacity\"\/>\n\n\n<p><a href=\"https:\/\/bergbau-gr.ch\/wordpress\/wp-content\/uploads\/2024\/06\/Museumoffen.jpg\"><img loading=\"lazy\" decoding=\"async\" class=\"alignright wp-image-10406 size-thumbnail\" src=\"https:\/\/bergbau-gr.ch\/wordpress\/wp-content\/uploads\/2024\/06\/Museumoffen-150x113.jpg\" alt=\"\" width=\"150\" height=\"113\" srcset=\"https:\/\/bergbau-gr.ch\/wordpress\/wp-content\/uploads\/2024\/06\/Museumoffen-150x113.jpg 150w, https:\/\/bergbau-gr.ch\/wordpress\/wp-content\/uploads\/2024\/06\/Museumoffen-300x225.jpg 300w, https:\/\/bergbau-gr.ch\/wordpress\/wp-content\/uploads\/2024\/06\/Museumoffen-768x576.jpg 768w, https:\/\/bergbau-gr.ch\/wordpress\/wp-content\/uploads\/2024\/06\/Museumoffen-400x300.jpg 400w, https:\/\/bergbau-gr.ch\/wordpress\/wp-content\/uploads\/2024\/06\/Museumoffen.jpg 1024w\" sizes=\"auto, (max-width: 150px) 100vw, 150px\" \/><\/a><strong>Saisoner\u00f6ffnung des <a href=\"https:\/\/www.bergbau-museum.ch\/\" target=\"_blank\" rel=\"noopener\">Bergbaumuseums Graub\u00fcnden<\/a><\/strong><br \/>Am Dienstag 18. Juni wurde die Sommersaison des Bergbaumuseums Graub\u00fcnden er\u00f6ffnet.<br \/>Leider war immerhin der vollst\u00e4ndige Stiftungsrat, aber keine Besucher anwesend. Aufgrund der Sperrung der alten Z\u00fcgenstrasse ist leider weiterhin mit wenig Besucher im Vorbeigenen zu rechenen.<\/p>\n\n\n<hr class=\"wp-block-separator has-alpha-channel-opacity\"\/>\n\n\n<p><strong>Sonda 15. g\u00fcn 2024 radunanza generala societ\u00e0 miniers da S-charl<br \/><\/strong>An diesem etwas verregneten Samstag fand die Generalversammlung der societ\u00e0 <a href=\"https:\/\/www.schmelzra.ch\/1\/verein\/\" target=\"_blank\" rel=\"noopener\">miniers da S-charl<\/a> in der schlichten Kirche S-charl statt. Anschliessend referierte Hans St\u00e4bler \u00fcber&nbsp; die &#8222;milit\u00e4rische Vorbereitung im 2. Weltkrieg und im Kalten Krieg im Unterengadin&#8220;. Danach gab es noch ein gem\u00fctliches Besammensein bei Speis und Trank im Mayor. Grazcha fich!<\/p>\nngg_shortcode_8_placeholder\n\n\n<hr class=\"wp-block-separator has-alpha-channel-opacity\"\/>\n\n\n<p><strong>Samstag 8. Juni 2024 Arbeitstage in S-charl und Alp Tischatscha<\/strong><br \/>An diesem Samstag wurde emsig gearbeitet. Im S-charl wurde weiter an der Wegsanierung \u00fcber die Bienen gearbeitet, auf Alp Tischatscha den Zaun um die Ofenruine geflickt und weiter unten eine Ruine ausgeholzt.<\/p>\nngg_shortcode_9_placeholder\n\n\n<hr class=\"wp-block-separator has-alpha-channel-opacity\"\/>\n\n\n<p><strong>Mineralientage Landquart<\/strong><br \/>Am Wochenende 1.\/. Juni 2024 fanden im Forum Ried die Mineralientage Landquart statt. Es war viel Schmuck und aus aller Welt zu sehen. Der Eventpartner <a href=\"https:\/\/www.schweizer-mineralienwelt.ch\/\" target=\"_blank\" rel=\"noopener\">Schweizer Mineralienwelt<\/a> zeigte jedoch gut gekennzeichnet sch\u00f6ne einheimische Steine.<\/p>\nngg_shortcode_10_placeholder\n\n\n<hr class=\"wp-block-separator has-alpha-channel-opacity\" id=\"GV24\"\/>\n\n\n<p><strong>Jahresversammlung der Freunde des Bergbaus in Graub\u00fcnden<\/strong><br \/>Am Samstag des 25. Mai 2024 fand in Rueun im Caf\u00e9 La Sala, dem ehemaligen Schulgeb\u00e4ude, die allj\u00e4hrliche <a href=\"https:\/\/bergbau-gr.ch\/wordpress\/wp-content\/uploads\/2024\/06\/48.-Vereinsversammlung-2024.pdf\" target=\"_blank\" rel=\"noopener\">Generalversammlung der <strong>Freunde des Bergbaus in Graub\u00fcnden<\/strong><\/a> statt.<br \/>G\u00e4ste und Mitglieder fanden Morgens um 10:00 Uhr in einem kleinen, gem\u00fctlichen Saal zusammen.<br \/>Unser Pr\u00e4sident &#8211; Hansueli &#8211; er\u00f6ffnete die GV mit einem herzlichen \u201eGl\u00fcck Auf!\u201c. Schnell wurde es ruhig und alle warteten gespannt auf den Jahresr\u00fcckblick und die zuk\u00fcnftigen Pl\u00e4ne f\u00fcr\u2019s kommende Bergbaujahr. Das letzte Protokoll der GV 2023, der Jahresr\u00fcckblick anhand von Bildern nochmals durchgelebt, sowie Jahresrechnung und Budgetplanung wurden einstimmig angenommen.<br \/>Der Geruch der angek\u00fcndigten Gerstensuppe dr\u00e4ngte sich durch die K\u00fcchent\u00fcr, als Hansueli schon fast am Ende seiner Rede angekommen war, nach der Bekanntgabe der anstehenden Exkursionen, Events und Frontage. Die Zeit verging wie im Flug und wir freuen uns weiter auf das Mittagessen und Austauschen untereinander.<br \/>Mit vollem Magen und grossem Applaus an die Frauen in der K\u00fcche brechen wir in Fahrgemeinschaften auf zum Parkplatz Minas Gulatsch.<br \/>Ursula, unsere Regionalgruppenleiterin Surselva und treibende Kraft zum Themenweg<a href=\"https:\/\/www.surselva.info\/Ferienregionen\/Ilanz-Glion\/Sommer\/Erlebnisweg-Minas-da-Gulatsch\/Erlebnis-Minas-da-Gulatsch\" target=\"_blank\" rel=\"noopener\"> Minas da Gulatsch<\/a>, f\u00fchrte uns erz\u00e4hlend durch den schmalen Waldweg oberhalb des Schmu\u00e8rs und machte uns auf die wegbegleitenden Artefakte aufmerksam. Ein Dank an alle f\u00fcr den Erhalt und das Aufbereiten von diesem Weg, welcher uns zu den Stollen f\u00fchrte. Ein besonderer Dank gilt hier nat\u00fcrlich auch Ursula f\u00fcr das Organisieren und Durchf\u00fchren von diesem gelungenen Tag.<br \/>Schnell erreichten wir die Stollen und wurden von Ursula \u00fcber den Umgang mit Flederm\u00e4usen instruiert. Die sch\u00fctzenden und dunklen G\u00e4nge der Mine beherbergen die flauschigen M\u00e4use der Nacht, welche zu Tageszeit gerne ihre Ruhe h\u00e4tten &#8211; wir werden ja bekanntlich auch nicht gerne aus dem Schlaf gerissen.<br \/>In kleinen Gruppen fuhren wir in die Stollen ein, bestaunten die kleinen Stalaktiten, welche wie Eiszapfen von der Decke hingen, mit dem abwechslungsreichen Farbspiel der vorherrschenden orange\/brauen Vererzungen entlang unseres Weges in die Dunkelheit.<br \/>Aus den tiefen des Berges wieder im hellen Licht der Nachmittagssonne angekommen, zog es die Bergbaubegeisterte Meute weiter zum sch\u00f6n hergerichteten Sitzplatz, wo wir z\u2019Marend abhielten. Gion\u2019s Traubensaft, Hansueli\u2019s Grubawasser, Walti\u2019s Totabeinli und Ursula\u2019s salzigen Naschereien waren im Nu weggeputzt und alle genossen das gemeinsame Ausklingen nach dieser erfolgreichen GV im Herzen der Surselva.<br \/>Ein ausdr\u00fccklicher Dank an Hansueli\u2019s Stimmb\u00e4nder, Elsbeth\u2019s Protokollf\u00fchrug und allen die<br \/>diesen Tag erm\u00f6glicht haben.<br \/>Ein herzliches Gl\u00fcck Auf!<br \/>Julia und Adrian&nbsp;&nbsp;&nbsp;&nbsp;&nbsp;&nbsp;&nbsp;&nbsp;&nbsp;&nbsp;&nbsp;&nbsp;&nbsp;&nbsp;&nbsp;&nbsp;&nbsp; (Bilder: Gion, Husu)<\/p>\nngg_shortcode_11_placeholder\n\n\n<p><\/p>\n\n\n\n<hr class=\"wp-block-separator has-alpha-channel-opacity\"\/>\n\n\n<p><strong><a href=\"https:\/\/bergbau-gr.ch\/wordpress\/wp-content\/uploads\/2024\/05\/20240509_Goldwaschen-scaled.jpg\"><img loading=\"lazy\" decoding=\"async\" class=\"alignright  wp-image-10252\" src=\"https:\/\/bergbau-gr.ch\/wordpress\/wp-content\/uploads\/2024\/05\/20240509_Goldwaschen-150x111.jpg\" alt=\"\" width=\"171\" height=\"129\"><\/a>\u201eBefundtypen der historischen Seifengoldgewinnung in Europa\u201c&nbsp;&nbsp; <a href=\"https:\/\/bergbau-gr.ch\/wordpress\/wp-content\/uploads\/2024\/03\/sgv-logo-standarte-1.jpg\"><img loading=\"lazy\" decoding=\"async\" class=\"alignright  wp-image-10169\" src=\"https:\/\/bergbau-gr.ch\/wordpress\/wp-content\/uploads\/2024\/03\/sgv-logo-standarte-1-147x150.jpg\" alt=\"\" width=\"71\" height=\"72\" srcset=\"https:\/\/bergbau-gr.ch\/wordpress\/wp-content\/uploads\/2024\/03\/sgv-logo-standarte-1-147x150.jpg 147w, https:\/\/bergbau-gr.ch\/wordpress\/wp-content\/uploads\/2024\/03\/sgv-logo-standarte-1-294x300.jpg 294w, https:\/\/bergbau-gr.ch\/wordpress\/wp-content\/uploads\/2024\/03\/sgv-logo-standarte-1-1003x1024.jpg 1003w, https:\/\/bergbau-gr.ch\/wordpress\/wp-content\/uploads\/2024\/03\/sgv-logo-standarte-1-768x784.jpg 768w, https:\/\/bergbau-gr.ch\/wordpress\/wp-content\/uploads\/2024\/03\/sgv-logo-standarte-1-1504x1536.jpg 1504w, https:\/\/bergbau-gr.ch\/wordpress\/wp-content\/uploads\/2024\/03\/sgv-logo-standarte-1.jpg 1712w\" sizes=\"auto, (max-width: 71px) 100vw, 71px\" \/><\/a><br \/><\/strong>An Auffahrt 09.05.2024 hielt in Domat\/Ems Vortrag Stephan Adlung (Freiberg, Sachsen) einen Vortrag \u00fcber die Befundtypen der historischen Seifengoldgewinnung in Europa.<br \/>Ganz herzlichen Dank den Organisatoren und Gastgeber der <a href=\"https:\/\/www.goldwaschen.ch\/\" target=\"_blank\" rel=\"noopener\">Schweizerische Goldw\u00e4scher Vereinigung SGV<\/a>. Es war eine grosse Freude einander kennen zu lernen und gem\u00fctlich beim Apero zu plaudern.<\/p>\n<p><strong>Pflege Ofen Flexs<a href=\"https:\/\/bergbau-gr.ch\/wordpress\/wp-content\/uploads\/2024\/05\/20240430_121656.jpg\"><img loading=\"lazy\" decoding=\"async\" class=\"alignright  wp-image-10241\" src=\"https:\/\/bergbau-gr.ch\/wordpress\/wp-content\/uploads\/2024\/05\/20240430_121656-150x113.jpg\" alt=\"\" width=\"172\" height=\"132\"><\/a> <a href=\"https:\/\/bergbau-gr.ch\/wordpress\/wp-content\/uploads\/2024\/05\/20240430_132840.jpg\"><img loading=\"lazy\" decoding=\"async\" class=\"alignright  wp-image-10240\" src=\"https:\/\/bergbau-gr.ch\/wordpress\/wp-content\/uploads\/2024\/05\/20240430_132840-113x150.jpg\" alt=\"\" width=\"100\" height=\"129\"><\/a><br \/><\/strong>bei der Rekognoszierung am 30.04.24 zeigte sich, dass die Gemeinde die Umgebung der Schmelz\u00f6fen bestens unterh\u00e4lt. Danke!<br \/>So war nur die Beseitigung von zwei Fallb\u00e4umen notwendig und der Graben des Stollenwasserablauf wurde etwas vertieft.<br \/>Ein Frontag 2024 er\u00fcbrigt sich somit.<\/p>\n<p><strong>Sauerstoff-Fabrik Ilanz<a href=\"https:\/\/bergbau-gr.ch\/wordpress\/wp-content\/uploads\/2024\/02\/20240217_100936.png\"><img loading=\"lazy\" decoding=\"async\" class=\"alignright wp-image-10111\" src=\"https:\/\/bergbau-gr.ch\/wordpress\/wp-content\/uploads\/2024\/02\/20240217_100936-300x225.png\" alt=\"\" width=\"175\" height=\"134\"><\/a><\/strong><br \/>Am Samstag 17. Feb 2024 besuchten wir die Lufttrennungsanlage Ilanz und am Nachmittag diverse verlassene Orte oder Gegenst\u00e4nde:<\/p>\n<p>(Andres W.) <strong><a href=\"https:\/\/www.sauerstoff-fabrik.ch\/\" target=\"_blank\" rel=\"noopener\">Sauerstoff-Gewinnungsanlage Ilanz<\/a> 1969 \u2013 2005<br \/><\/strong>Der Pr\u00e4sident des Vereins <a href=\"https:\/\/sperretrin.ch\/\" target=\"_blank\" rel=\"noopener\">Sperre Trin, Fortezia Trin<\/a>, Markus Diethelm zeigte uns die einmalige Lufttrennungsanlage. In der Luft-Trennanlage Ilanz von 1969 bis 2005 wurde hochreiner Sauerstoff und Stickstoff hergestellt.<br \/>Die Luft-Trennanlage, oder im Volksmund \u201eSauerstoff-Fabrik\u201c genannt, ist ein technisches, sowie mechanisches Bijou. Geplant waren einst mehrere solche Anlagen, eine davon die in Ilanz. Hochreiner Sauerstoff und Stickstoff wurden produziert und an die Sanit\u00e4tstruppe abgegeben, vornehmlich f\u00fcr das Milit\u00e4rspital Disentis. Dies hatte den Zweck, die Versorgungsautonomie unabh\u00e4ngig von Lieferanten zu gew\u00e4hrleisten. In den Jahren 1967 \u2013 68 wurde die Fabrik gebaut. 1969 wurde erstmals richtig produziert, dies ging bis 2005.<br \/>\u00dcber drei Stockwerke erstrecken sich die daf\u00fcr notwendigen Maschinen, Rohrleitungen und Steuerger\u00e4te; ein<a href=\"https:\/\/bergbau-gr.ch\/wordpress\/wp-content\/uploads\/2024\/02\/VID-20240218-WA0037.mp4\" target=\"_blank\" rel=\"https:\/\/bergbau-gr.ch\/wordpress\/wp-content\/uploads\/2024\/02\/VID-20240218-WA0037.mp4 noopener\"><img loading=\"lazy\" decoding=\"async\" class=\"alignright wp-image-10118\" src=\"https:\/\/bergbau-gr.ch\/wordpress\/wp-content\/uploads\/2024\/02\/1000003363-300x225.jpg\" alt=\"\" width=\"175\" height=\"134\"><\/a> Schiffsmotor mit 400 PS sorgte f\u00fcr einen energieautarken Betrieb der Anlage. Aussenluft wurde in einen Kompressor und in eine sogenannte Molekularsieb-Batterie angesogen, um zuerst Feuchtigkeit und Kohlens\u00e4ure zu entziehen und sie anschliessend auf -183\u00b0C abzuk\u00fchlen, was ein Abtrennen des nun fl\u00fcssigen Sauerstoffs erm\u00f6glichte. Bei -196\u00b0C wurde dann auch der Stickstoff fl\u00fcssig. Die beiden separierten Elemente str\u00f6mten schliesslich bei Normaltemperatur wieder als Gase hinauf ins Dachgeschoss, wo sie in riesigen Lagerballonen aufbewahrt wurden, bis man sie unter Druck in Gasflaschen abf\u00fcllte.<br \/>Es ist die letzte ihrer Art, die Luft-Trennanlage in Ilanz. Dennoch sind die Jahre des unscheinbaren Geb\u00e4udes gez\u00e4hlt. Sie wird eines Tages einem Werkgeb\u00e4ude-Neubau weichen m\u00fcssen. (Bilder: Andres W.,&nbsp; Husu)<\/p>\nngg_shortcode_12_placeholder\n<p>(Husu) Am Nachmittag teilten wir uns auf und besuchten (Bilder: Ursula B.,Andres W., Husu):<\/p>\nngg_shortcode_13_placeholder\n<ul>\n<li>die Stollen cava sul rein, Rueun oder<\/li>\n<li><a href=\"http:\/\/www.museumregiunal.ch\" target=\"_blank\" rel=\"noopener\">Museum Regiunal Surselva<\/a>, Ilanz oder<\/li>\n<li>die Burgen Kropfenstein und J\u00f6rgenberg<\/li>\n<\/ul>\n<p>&nbsp;<\/p>\n<div id=\"adress\">\n<div id=\"ce6\" class=\"contentElement\">&nbsp;<\/div>\n<\/div>\n<p>&nbsp;<\/p>","protected":false},"excerpt":{"rendered":"<p>Willkommen bei unseren erlebten Veranstaltungen im 2024 Samstag 12. Oktober 2024 Chevas Plattas da FexBesuch der Chevas Plattas da Fex: Unter kundiger Begleitung von Reto Zuan durften wir den geschichtstr\u00e4chtigen Abbau der Schieferplatten besuchen. Grazcha fichum! Dienstag 3. September 24 &hellip; <a href=\"https:\/\/bergbau-gr.ch\/?page_id=10102\">Weiterlesen <span class=\"meta-nav\">&rarr;<\/span><\/a><\/p>\n","protected":false},"author":1,"featured_media":0,"parent":0,"menu_order":0,"comment_status":"closed","ping_status":"closed","template":"showcase.php","meta":{"ngg_post_thumbnail":0,"footnotes":""},"class_list":["post-10102","page","type-page","status-publish","hentry"],"_links":{"self":[{"href":"https:\/\/bergbau-gr.ch\/index.php?rest_route=\/wp\/v2\/pages\/10102","targetHints":{"allow":["GET"]}}],"collection":[{"href":"https:\/\/bergbau-gr.ch\/index.php?rest_route=\/wp\/v2\/pages"}],"about":[{"href":"https:\/\/bergbau-gr.ch\/index.php?rest_route=\/wp\/v2\/types\/page"}],"author":[{"embeddable":true,"href":"https:\/\/bergbau-gr.ch\/index.php?rest_route=\/wp\/v2\/users\/1"}],"replies":[{"embeddable":true,"href":"https:\/\/bergbau-gr.ch\/index.php?rest_route=%2Fwp%2Fv2%2Fcomments&post=10102"}],"version-history":[{"count":139,"href":"https:\/\/bergbau-gr.ch\/index.php?rest_route=\/wp\/v2\/pages\/10102\/revisions"}],"predecessor-version":[{"id":10677,"href":"https:\/\/bergbau-gr.ch\/index.php?rest_route=\/wp\/v2\/pages\/10102\/revisions\/10677"}],"wp:attachment":[{"href":"https:\/\/bergbau-gr.ch\/index.php?rest_route=%2Fwp%2Fv2%2Fmedia&parent=10102"}],"curies":[{"name":"wp","href":"https:\/\/api.w.org\/{rel}","templated":true}]}}