{"id":11415,"date":"2026-01-21T15:31:33","date_gmt":"2026-01-21T14:31:33","guid":{"rendered":"https:\/\/bergbau-gr.ch\/?page_id=11415"},"modified":"2026-02-17T16:46:59","modified_gmt":"2026-02-17T15:46:59","slug":"50-jahre-fbg","status":"publish","type":"page","link":"https:\/\/bergbau-gr.ch\/?page_id=11415","title":{"rendered":"50 Jahre FBG"},"content":{"rendered":"<p><strong><a href=\"https:\/\/bergbau-gr.ch\/wordpress\/wp-content\/uploads\/2025\/09\/LOGO.png\"><img loading=\"lazy\" decoding=\"async\" class=\"alignright size-thumbnail wp-image-11236\" src=\"https:\/\/bergbau-gr.ch\/wordpress\/wp-content\/uploads\/2025\/09\/LOGO-150x73.png\" alt=\"\" width=\"150\" height=\"73\" srcset=\"https:\/\/bergbau-gr.ch\/wordpress\/wp-content\/uploads\/2025\/09\/LOGO-150x73.png 150w, https:\/\/bergbau-gr.ch\/wordpress\/wp-content\/uploads\/2025\/09\/LOGO-300x146.png 300w, https:\/\/bergbau-gr.ch\/wordpress\/wp-content\/uploads\/2025\/09\/LOGO-500x244.png 500w, https:\/\/bergbau-gr.ch\/wordpress\/wp-content\/uploads\/2025\/09\/LOGO.png 709w\" sizes=\"auto, (max-width: 150px) 100vw, 150px\" \/><\/a>Onlineanmeldung bis Ende M\u00e4rz 2026:<br>Jubil\u00e4umswochenende der <br><\/strong><strong>Freunde des Bergbaus in Graub\u00fcnden, FBG:<\/strong><\/p>\n<p><strong>Programm:<\/strong><\/p>\n<p><strong>Samstag 6.6.26<\/strong><br>09:45 <strong>GV FBG in der Rathausstube<\/strong>&nbsp; Davos Platz<br>11:45<strong> Mittagessen GRISCHA<\/strong> Davos Platz (Men\u00fc CHF 30.-)<br>14:00-17:00 <strong>Festnachmittag im Bergbaumuseum<\/strong> <strong>Graub\u00fcnden<\/strong>,Davos Schmelzboden<\/p>\n<p><strong>Sonntag 7.6.26<\/strong><br>je nach Silberbergtour Treffpunkt an verschiedenen Orten und Zeiten gem\u00e4ss Einladung. Bitte beachten, ob Treffpunkt im Dorf Monstein Postautohaltestelle oder am Bahnhof Monstein ist.<br>Bei zu geringer Anzahl von Teilnehmern werden einzelne F\u00fchrungen nicht durchgef\u00fchrt. Zum Andreasstollen ist die Teilnehmerzahl ist auf 10 beschr\u00e4nkt; Teilnahme in Reihenfolge der Anmeldungen. Daher bitte die 1. und 2. <strong>Priorit\u00e4t der gew\u00fcnschten F\u00fchrungen angeben.<\/strong><\/p>\n<p><strong>Onlineanmeldung: <br><\/strong>Bitte bei Teilnahme von nein auf ja umstellen und bei Mitgliedsart\/Gast, beim Mittagsmen\u00fc und bei der Silberbergtour bitte entsprechend ausw\u00e4hlen. Es k\u00f6nnen auch nur einzelne Ereignisse besucht werden. Danke<strong><br><\/strong><\/p>\n\n<div id=\"usermessage3a\" class=\"cf_info \"><\/div><form enctype=\"multipart\/form-data\" action=\"\/index.php?rest_route=%2Fwp%2Fv2%2Fpages%2F11415#usermessage3a\" method=\"post\" class=\"cform 50gv-anmeldung \" id=\"cforms3form\"><fieldset class=\"cf-fs1\" style=\"\"><legend>Anmeldung bis 6. April 2026<\/legend><ol class=\"cf-ol\"><li id=\"li-3-2\" class=\"\"><label id=\"label-3-2\" for=\"cf3_field_2\"><span>Name<\/span><\/label><input type=\"text\" name=\"cf3_field_2\" id=\"cf3_field_2\" class=\"single fldrequired\" value=\"\" title=\"\"\/><span class=\"reqtxt\">(erforderlich)<\/span><\/li><li id=\"li-3-3\" class=\"\"><label id=\"label-3-3\" for=\"cf3_field_3\"><span>Vorname<\/span><\/label><input type=\"text\" name=\"cf3_field_3\" id=\"cf3_field_3\" class=\"single fldrequired\" value=\"\" title=\"\"\/><span class=\"reqtxt\">(erforderlich)<\/span><\/li><li id=\"li-3-4\" class=\"\"><label id=\"label-3-4\" for=\"cf3_field_4\"><span>Ort<\/span><\/label><input type=\"text\" name=\"cf3_field_4\" id=\"cf3_field_4\" class=\"single fldrequired\" value=\"\" title=\"\"\/><span class=\"reqtxt\">(erforderlich)<\/span><\/li><li id=\"li-3-5\" class=\"\"><label id=\"label-3-5\" for=\"cf3_field_5\"><span>E-Mail Adresse<\/span><\/label><input required=\"required\"  type=\"email\" name=\"cf3_field_5\" id=\"cf3_field_5\" class=\" fldrequired\" value=\"\" title=\"\"\/><span class=\"reqtxt\">(erforderlich)<\/span><\/li><li id=\"li-3-6\" class=\"\"><label id=\"label-3-6\" for=\"cf3_field_6\"><span>Mitglied<\/span><\/label><select name=\"cf3_field_6\" id=\"cf3_field_6\" class=\"cformselect\" title=\"\"><option value=\"Gast\">Gast<\/option><option value=\"FBG\">FBG<\/option><option value=\"BSD\">BSD<\/option><option value=\"VEH\">VEH<\/option><option value=\"MdS\">MdS<\/option><option value=\"AVM\">AVM<\/option><\/select><\/li><\/ol><\/fieldset><fieldset class=\"cf-fs2\" style=\"\"><legend>GV FBG Rathausstube Davos<\/legend><ol class=\"cf-ol\"><li id=\"li-3-9\" class=\"\"><label id=\"label-3-9\" for=\"cf3_field_9\"><span><\/span><\/label><select name=\"cf3_field_9\" id=\"cf3_field_9\" class=\"cformselect\" title=\"GV FBG \"><option value=\"nein\">nein<\/option><option value=\"ja\">ja<\/option><\/select><\/li><li id=\"li-3-10\" class=\" cf-box-title\">--<\/li><li id=\"li-3-10items\" class=\"cf-box-group\"><\/li><\/ol><\/fieldset><fieldset class=\"cf-fs3\" style=\"\"><legend>Mittagessen GRISCHA<\/legend><ol class=\"cf-ol\"><li id=\"li-3-12\" class=\"\"><label id=\"label-3-12\" for=\"cf3_field_12\"><span><\/span><\/label><select name=\"cf3_field_12\" id=\"cf3_field_12\" class=\"cformselect\" title=\"\"><option value=\"nein\">nein<\/option><option value=\"ja\">ja<\/option><\/select><\/li><li id=\"li-3-13\" class=\"\"><label id=\"label-3-13\" for=\"cf3_field_13\"><span>Auswahl<\/span><\/label><select name=\"cf3_field_13\" id=\"cf3_field_13\" class=\"cformselect\" title=\"\"><option value=\"Menu: Pouletschnitzel\">Menu: Pouletschnitzel<\/option><option value=\"Vegi: Penne Arrabbiata\">Vegi: Penne Arrabbiata<\/option><\/select><\/li><li id=\"li-3-14\" class=\" cf-box-title\">--<\/li><li id=\"li-3-14items\" class=\"cf-box-group\"><\/li><\/ol><\/fieldset><fieldset class=\"cf-fs4\" style=\"\"><legend>Bergbaumuseumsnachmittag, Jubil\u00e4umsfest<\/legend><ol class=\"cf-ol\"><li id=\"li-3-16\" class=\"\"><label id=\"label-3-16\" for=\"cf3_field_16\"><span><\/span><\/label><select name=\"cf3_field_16\" id=\"cf3_field_16\" class=\"cformselect\" title=\"\"><option value=\"nein\">nein<\/option><option value=\"ja\">ja<\/option><\/select><\/li><\/ol><\/fieldset><fieldset class=\"cf-fs5\" style=\"\"><legend>Bringe einen Kuchen mit ins Museum (Detail unter Bemerkungen)<\/legend><ol class=\"cf-ol\"><li id=\"li-3-18\" class=\"\"><label id=\"label-3-18\" for=\"cf3_field_18\" class=\"cf-before\"><span>ja<\/span><\/label><input type=\"checkbox\" name=\"cf3_field_18\" id=\"cf3_field_18\" class=\"cf-box-b\" title=\"\"\/><\/li><li id=\"li-3-19\" class=\" cf-box-title\">--<\/li><li id=\"li-3-19items\" class=\"cf-box-group\"><\/li><\/ol><\/fieldset><fieldset class=\"cf-fs6\" style=\"\"><legend>Silberberg Sonntagstour<\/legend><ol class=\"cf-ol\"><li id=\"li-3-21\" class=\"\"><label id=\"label-3-21\" for=\"cf3_field_21\"><span><\/span><\/label><select name=\"cf3_field_21\" id=\"cf3_field_21\" class=\"cformselect\" title=\"\"><option value=\"nein\">nein<\/option><option value=\"ja\">ja<\/option><\/select><\/li><\/ol><\/fieldset><fieldset class=\"cf-fs7\" style=\"\"><legend>Bitte Sonntagstour Silberberg  Prio 1 und 2 ausw\u00e4hlen<\/legend><ol class=\"cf-ol\"><li id=\"li-3-23\" class=\"\"><label id=\"label-3-23\" for=\"cf3_field_23\"><span>1. Priorit\u00e4t<\/span><\/label><select name=\"cf3_field_23\" id=\"cf3_field_23\" class=\"cformselect\" title=\"\"><option value=\"Langer Michael, Dalvazzer, mittel\">Langer Michael, Dalvazzer, mittel<\/option><option value=\"Dalvazzer, Andreasstollen, schwierig\">Dalvazzer, Andreasstollen, schwierig<\/option><option value=\"Rosalienstollen, leicht\">Rosalienstollen, leicht<\/option><option value=\"Z\u00fcgenschlucht, leicht\">Z\u00fcgenschlucht, leicht<\/option><\/select><\/li><li id=\"li-3-24\" class=\"\"><label id=\"label-3-24\" for=\"cf3_field_24\"><span>2. Priorit\u00e4t<\/span><\/label><select name=\"cf3_field_24\" id=\"cf3_field_24\" class=\"cformselect\" title=\"\"><option value=\"Langer Michael, Dalvazzer, mittel\">Langer Michael, Dalvazzer, mittel<\/option><option value=\"Dalvazzer-, Andreasstollen, schwierig\">Dalvazzer-, Andreasstollen, schwierig<\/option><option value=\"Rosalienstollen, leicht\">Rosalienstollen, leicht<\/option><option value=\"Z\u00fcgenschlucht, leicht\">Z\u00fcgenschlucht, leicht<\/option><\/select><\/li><li id=\"li-3-25\" class=\"\"><label id=\"label-3-25\" for=\"cf3_field_25\"><span>Bemerkungen<\/span><\/label><textarea cols=\"30\" rows=\"8\" name=\"cf3_field_25\" id=\"cf3_field_25\" class=\"area\" title=\"\"><\/textarea><\/li><\/ol><\/fieldset><fieldset class=\"cf_hidden\"><legend>&nbsp;<\/legend><input type=\"hidden\" name=\"cf_working3\" id=\"cf_working3\" value=\"Einen Moment bitte...\"\/><input type=\"hidden\" name=\"cf_failure3\" id=\"cf_failure3\" value=\"Bitte f\u00fclle die ben\u00f6tigten Felder aus.\"\/><input type=\"hidden\" name=\"cf_customerr3\" id=\"cf_customerr3\" value=\"y\"\/><\/fieldset><p class=\"cf-sb\"><input type=\"submit\" name=\"sendbutton3\" id=\"sendbutton3\" class=\"sendbutton\" value=\"Absenden\" \/><\/p><\/form>\n\n\n\n<p><\/p>\n\n\n<p>oder Anmeldung per Post mit der Einladung beigegelegtem Anmeldetalon.<\/p>\n<p>Eine allf\u00e4llige \u00dcbernachtung ist Sache der Teilehmer.<\/p>\n<p>FBG Mitglieder, BSD Mitglieder, sowie Mitglieder der weiteren Partnervereine mit BERGKNAPPE und geladene G\u00e4ste sind f\u00fcr das ganze Wochenend-Programm eingeladen.<br \/>Das Fest am Samstagnachmittag im Bergbaumuseum Graub\u00fcnden ist \u00f6ffentlich und unentgeltlich.<br \/>Nichtmitglieder entrichten f\u00fcr den Silberbergbesuch am 7.6.26 einen Unkostenbeitrag von CHF 50.- oder werden umgehend Mitglied, z. B. BSD oder FBG.<\/p>\n\n\n<p><\/p>\n","protected":false},"excerpt":{"rendered":"<p>Onlineanmeldung bis Ende M\u00e4rz 2026:Jubil\u00e4umswochenende der Freunde des Bergbaus in Graub\u00fcnden, FBG: Programm: Samstag 6.6.2609:45 GV FBG in der Rathausstube&nbsp; Davos Platz11:45 Mittagessen GRISCHA Davos Platz (Men\u00fc CHF 30.-)14:00-17:00 Festnachmittag im Bergbaumuseum Graub\u00fcnden,Davos Schmelzboden Sonntag 7.6.26je nach Silberbergtour Treffpunkt an &hellip; <a href=\"https:\/\/bergbau-gr.ch\/?page_id=11415\">Weiterlesen <span class=\"meta-nav\">&rarr;<\/span><\/a><\/p>\n","protected":false},"author":1,"featured_media":0,"parent":0,"menu_order":0,"comment_status":"closed","ping_status":"closed","template":"showcase.php","meta":{"ngg_post_thumbnail":0,"footnotes":""},"class_list":["post-11415","page","type-page","status-publish","hentry"],"_links":{"self":[{"href":"https:\/\/bergbau-gr.ch\/index.php?rest_route=\/wp\/v2\/pages\/11415","targetHints":{"allow":["GET"]}}],"collection":[{"href":"https:\/\/bergbau-gr.ch\/index.php?rest_route=\/wp\/v2\/pages"}],"about":[{"href":"https:\/\/bergbau-gr.ch\/index.php?rest_route=\/wp\/v2\/types\/page"}],"author":[{"embeddable":true,"href":"https:\/\/bergbau-gr.ch\/index.php?rest_route=\/wp\/v2\/users\/1"}],"replies":[{"embeddable":true,"href":"https:\/\/bergbau-gr.ch\/index.php?rest_route=%2Fwp%2Fv2%2Fcomments&post=11415"}],"version-history":[{"count":43,"href":"https:\/\/bergbau-gr.ch\/index.php?rest_route=\/wp\/v2\/pages\/11415\/revisions"}],"predecessor-version":[{"id":11499,"href":"https:\/\/bergbau-gr.ch\/index.php?rest_route=\/wp\/v2\/pages\/11415\/revisions\/11499"}],"wp:attachment":[{"href":"https:\/\/bergbau-gr.ch\/index.php?rest_route=%2Fwp%2Fv2%2Fmedia&parent=11415"}],"curies":[{"name":"wp","href":"https:\/\/api.w.org\/{rel}","templated":true}]}}