{"id":11450,"date":"2026-01-21T15:04:32","date_gmt":"2026-01-21T14:04:32","guid":{"rendered":"https:\/\/bergbau-gr.ch\/?page_id=11450"},"modified":"2026-04-11T11:09:10","modified_gmt":"2026-04-11T09:09:10","slug":"erlebnisse-2026","status":"publish","type":"page","link":"https:\/\/bergbau-gr.ch\/?page_id=11450","title":{"rendered":"Erlebnisse 2026"},"content":{"rendered":"<p><strong><a href=\"https:\/\/bergbau-gr.ch\/wordpress\/wp-content\/uploads\/2025\/09\/LOGO.png\"><img loading=\"lazy\" decoding=\"async\" class=\"alignright size-thumbnail wp-image-11236\" src=\"https:\/\/bergbau-gr.ch\/wordpress\/wp-content\/uploads\/2025\/09\/LOGO-150x73.png\" alt=\"\" width=\"150\" height=\"73\" srcset=\"https:\/\/bergbau-gr.ch\/wordpress\/wp-content\/uploads\/2025\/09\/LOGO-150x73.png 150w, https:\/\/bergbau-gr.ch\/wordpress\/wp-content\/uploads\/2025\/09\/LOGO-300x146.png 300w, https:\/\/bergbau-gr.ch\/wordpress\/wp-content\/uploads\/2025\/09\/LOGO-500x244.png 500w, https:\/\/bergbau-gr.ch\/wordpress\/wp-content\/uploads\/2025\/09\/LOGO.png 709w\" sizes=\"auto, (max-width: 150px) 100vw, 150px\" \/><\/a>Ein Gutes, freudiges Bergbaujahr<\/strong><br \/>Das Jahr hat gestartet und bald stellen wir uns den Herausforderungen 2026.<br \/>Wir freuen uns das Jubil\u00e4um im Sommer zu feiern.<br \/>Alles Gute und bleibt gesund!<\/p>\n\n\n<hr class=\"wp-block-separator has-alpha-channel-opacity\"\/>\n\n\n<p>am Samstag 4. April, Text und Bilder von Andres Weber:<br><strong>Vernissage <a href=\"https:\/\/www.erzminen-hinterrhein.ch\/bergbau-museum\" target=\"_blank\" rel=\"noopener\">Bergbaumuseum Innerferrera<\/a><\/strong><\/p>\n<h2><b>\u00abDER SCHMERZ VOM ERZ\u00bb \u2013 ERINNERUNGEN DER HEILIGEN BARBARA<\/b><\/h2>\n<p>Szenen aus der Geschichte der Erzminen im Hinterrhein. Urauff\u00fchrung im alten Schulhaus:<br>Die <strong>Heilige Barbara<\/strong> will sich die Neuer\u00f6ffnung des Museums nicht entgehen lassen und macht sich zusammen mit ihrer <strong>Kollegin Isabella<\/strong> auf den Weg nach Innerferrera. Unterwegs erinnert sie sich an dramatische Begebenheiten aus 400 Jahren Bergbaugeschichte:<br>Anfangs des 17. Jahrhunderts weckte das Erzvorkommen dieser Lande die Begierde zweier adliger Herren, die, wie es d\u00fcnkt, den Bergbau mit gr\u00e4ulichem Gez\u00e4nk einl\u00e4uteten.<br><strong>Marchese Gaspare Ordogno de Rosales<\/strong>, der an der Seite Mazzinis am italienischen Freiheitskampf teilnahm, wollte aus dem Eisen Waffen und Munition herstellen. Dazu baute er Mitte des 19. Jahrhunderts einen Hochofen in Andeer. <strong>Ivan Ragaz<\/strong>, dessen Vater f\u00fcr die Val Sassam Mines Company Ltd arbeitete, wuchs in Andeer und Russland auf. In jungen Jahren wanderte er nach Amerika und Mexiko aus, wo er im Bergbau t\u00e4tig war. Ab den 1920er-Jahren pendelte er zwischen Mexiko und Andeer. Nach dem bedrohlichen Manganmangel im Ersten Weltkrieg wollte <strong>Ingenieur Markwalder<\/strong> daf\u00fcr sorgen, dass die Schweiz f\u00fcr k\u00fcnftige Auseinandersetzungen besser ger\u00fcstet war und baute f\u00fcr den Erztransport sogar eine Seilbahn. Ein Besuch in Starlera zusammen mit dem&nbsp;Geologen <strong>Albert Heim<\/strong> begann gem\u00e4chlich und endete spektakul\u00e4r.<\/p>\n\n\nngg_shortcode_0_placeholder\n\n\n<p>Ganz herzlichen Dank f\u00fcr den sch\u00f6nen, erlebnisreichen, begegnungsreichen, gem\u00fctlichen, intensiven Tag. Danke allen Akteurinnen und Akteuren im Hinter- und Vordergrung f\u00fcr das grossartige Gelingen des Tages und der Neugestaltung der Museumsausstellung!<\/p>","protected":false},"excerpt":{"rendered":"<p>Ein Gutes, freudiges BergbaujahrDas Jahr hat gestartet und bald stellen wir uns den Herausforderungen 2026.Wir freuen uns das Jubil\u00e4um im Sommer zu feiern.Alles Gute und bleibt gesund! am Samstag 4. April, Text und Bilder von Andres Weber:Vernissage Bergbaumuseum Innerferrera \u00abDER &hellip; <a href=\"https:\/\/bergbau-gr.ch\/?page_id=11450\">Weiterlesen <span class=\"meta-nav\">&rarr;<\/span><\/a><\/p>\n","protected":false},"author":1,"featured_media":0,"parent":0,"menu_order":0,"comment_status":"closed","ping_status":"closed","template":"showcase.php","meta":{"ngg_post_thumbnail":0,"footnotes":""},"class_list":["post-11450","page","type-page","status-publish","hentry"],"_links":{"self":[{"href":"https:\/\/bergbau-gr.ch\/index.php?rest_route=\/wp\/v2\/pages\/11450","targetHints":{"allow":["GET"]}}],"collection":[{"href":"https:\/\/bergbau-gr.ch\/index.php?rest_route=\/wp\/v2\/pages"}],"about":[{"href":"https:\/\/bergbau-gr.ch\/index.php?rest_route=\/wp\/v2\/types\/page"}],"author":[{"embeddable":true,"href":"https:\/\/bergbau-gr.ch\/index.php?rest_route=\/wp\/v2\/users\/1"}],"replies":[{"embeddable":true,"href":"https:\/\/bergbau-gr.ch\/index.php?rest_route=%2Fwp%2Fv2%2Fcomments&post=11450"}],"version-history":[{"count":18,"href":"https:\/\/bergbau-gr.ch\/index.php?rest_route=\/wp\/v2\/pages\/11450\/revisions"}],"predecessor-version":[{"id":11559,"href":"https:\/\/bergbau-gr.ch\/index.php?rest_route=\/wp\/v2\/pages\/11450\/revisions\/11559"}],"wp:attachment":[{"href":"https:\/\/bergbau-gr.ch\/index.php?rest_route=%2Fwp%2Fv2%2Fmedia&parent=11450"}],"curies":[{"name":"wp","href":"https:\/\/api.w.org\/{rel}","templated":true}]}}