{"id":1251,"date":"2012-10-11T17:52:30","date_gmt":"2012-10-11T15:52:30","guid":{"rendered":"http:\/\/www.bergbau-gr.ch\/wordpress\/?page_id=1251"},"modified":"2022-07-12T15:50:42","modified_gmt":"2022-07-12T13:50:42","slug":"calanda-lenzerheide-schanfigg","status":"publish","type":"page","link":"https:\/\/bergbau-gr.ch\/?page_id=1251","title":{"rendered":"Calanda \/ Arosa"},"content":{"rendered":"<p><a href=\"https:\/\/map.geo.admin.ch\/?lang=de&amp;topic=ech&amp;bgLayer=ch.swisstopo.pixelkarte-farbe&amp;layers=ch.swisstopo.zeitreihen,ch.bav.haltestellen-oev,ch.swisstopo.swisstlm3d-wanderwege,ch.swisstopo.geologie-rohstoffe-zement_abbau_verarbeitung,ch.swisstopo.geologie-rohstoffe-naturwerksteine_abbau,ch.swisstopo.geologie-rohstoffe-vererzungen&amp;layers_visibility=false,false,false,false,true,true&amp;layers_timestamp=18641231,,,,,&amp;layers_opacity=1,1,0.8,1,1,1&amp;E=2762299.85&amp;N=1185356.22&amp;zoom=5&amp;catalogNodes=532,533\" target=\"_blank\" rel=\"noopener\">\u00dcberblick Landestopografie<\/a><\/p>\n<p>Bekannte Bergbauspuren<\/p>\n<p><strong><a href=\"https:\/\/bergbau-gr.ch\/?page_id=429\">Calanda<\/a><\/strong>:<\/p>\n<ul>\n<li><a href=\"https:\/\/map.georessourcen.ethz.ch\/purl\/obid\/162\" target=\"_blank\" rel=\"noopener\"><strong>Goldene Sonne, <\/strong><\/a>Fliden<\/li>\n<li>Tschengels<\/li>\n<li>untere Gruob<\/li>\n<li>Taminsergr\u00fcebli<\/li>\n<li>Kupfergr\u00fcebli<\/li>\n<li>Calannaluz<\/li>\n<li>Gnapperkopf<\/li>\n<\/ul>\n<p><a href=\"https:\/\/bergbau-gr.ch\/?page_id=1722\"><strong>Arosa\/Lenzerheide:<\/strong><\/a><\/p>\n<ul>\n<li>Schmelze Isel<\/li>\n<li>Erzhorn<\/li>\n<li>Parpaner Rothorn<\/li>\n<li>Eisengruben Tschirpen<\/li>\n<li>Bleiglanz am Guggernell, Ramoz<\/li>\n<\/ul>\n<p><a title=\"Seitenanfang\" href=\"#top\">zum Seitenanfang<\/a><\/p>\n","protected":false},"excerpt":{"rendered":"<p>\u00dcberblick Landestopografie Bekannte Bergbauspuren Calanda: Goldene Sonne, Fliden Tschengels untere Gruob Taminsergr\u00fcebli Kupfergr\u00fcebli Calannaluz Gnapperkopf Arosa\/Lenzerheide: Schmelze Isel Erzhorn Parpaner Rothorn Eisengruben Tschirpen Bleiglanz am Guggernell, Ramoz zum Seitenanfang<\/p>\n","protected":false},"author":1,"featured_media":0,"parent":133,"menu_order":0,"comment_status":"open","ping_status":"closed","template":"showcase.php","meta":{"ngg_post_thumbnail":0,"footnotes":""},"class_list":["post-1251","page","type-page","status-publish","hentry"],"_links":{"self":[{"href":"https:\/\/bergbau-gr.ch\/index.php?rest_route=\/wp\/v2\/pages\/1251","targetHints":{"allow":["GET"]}}],"collection":[{"href":"https:\/\/bergbau-gr.ch\/index.php?rest_route=\/wp\/v2\/pages"}],"about":[{"href":"https:\/\/bergbau-gr.ch\/index.php?rest_route=\/wp\/v2\/types\/page"}],"author":[{"embeddable":true,"href":"https:\/\/bergbau-gr.ch\/index.php?rest_route=\/wp\/v2\/users\/1"}],"replies":[{"embeddable":true,"href":"https:\/\/bergbau-gr.ch\/index.php?rest_route=%2Fwp%2Fv2%2Fcomments&post=1251"}],"version-history":[{"count":52,"href":"https:\/\/bergbau-gr.ch\/index.php?rest_route=\/wp\/v2\/pages\/1251\/revisions"}],"predecessor-version":[{"id":9214,"href":"https:\/\/bergbau-gr.ch\/index.php?rest_route=\/wp\/v2\/pages\/1251\/revisions\/9214"}],"up":[{"embeddable":true,"href":"https:\/\/bergbau-gr.ch\/index.php?rest_route=\/wp\/v2\/pages\/133"}],"wp:attachment":[{"href":"https:\/\/bergbau-gr.ch\/index.php?rest_route=%2Fwp%2Fv2%2Fmedia&parent=1251"}],"curies":[{"name":"wp","href":"https:\/\/api.w.org\/{rel}","templated":true}]}}