{"id":2978,"date":"2014-03-22T15:51:59","date_gmt":"2014-03-22T13:51:59","guid":{"rendered":"http:\/\/www.bergbau-gr.ch\/wordpress\/?page_id=2978"},"modified":"2015-05-15T12:32:14","modified_gmt":"2015-05-15T10:32:14","slug":"vereinsversammlung-15-3-2014-schmelzboden","status":"publish","type":"page","link":"https:\/\/bergbau-gr.ch\/?page_id=2978","title":{"rendered":"Vereinsversammlung, 15.3.2014 Schmelzboden"},"content":{"rendered":"<p><strong><a href=\"https:\/\/www.bergbau-gr.ch\/wordpress\/wp-content\/uploads\/2012\/03\/Logo-schwarz.jpg\"><img loading=\"lazy\" decoding=\"async\" class=\"alignleft size-full wp-image-304\" src=\"https:\/\/www.bergbau-gr.ch\/wordpress\/wp-content\/uploads\/2012\/03\/Logo-schwarz.jpg\" alt=\"Logo schwarz\" width=\"91\" height=\"83\" \/><\/a><strong>38. Vereinsversammlung Freunde des Bergbaus in Graub\u00fcnden FBG <\/strong><\/strong><strong><a href=\"https:\/\/www.bergbau-gr.ch\/wordpress\/wp-content\/uploads\/2012\/03\/Logo-schwarz.jpg\"><img loading=\"lazy\" decoding=\"async\" class=\"alignright size-full wp-image-304\" src=\"https:\/\/www.bergbau-gr.ch\/wordpress\/wp-content\/uploads\/2012\/03\/Logo-schwarz.jpg\" alt=\"Logo schwarz\" width=\"91\" height=\"83\" \/><\/a><\/strong><br \/>\n<strong><strong>vom <\/strong>15. M\u00e4rz 2014 \u00a0auf dem Schmelzboden in Davos<\/strong><\/p>\n<p style=\"text-align: left;\">mit anschliessendem Besuch des Bergbaumuseums<\/p>\n<p><a href=\"https:\/\/www.bergbau-gr.ch\/wordpress\/wp-content\/uploads\/2014\/03\/GV14_2899.jpg\"><img loading=\"lazy\" decoding=\"async\" class=\"aligncenter size-large wp-image-2980\" src=\"https:\/\/www.bergbau-gr.ch\/wordpress\/wp-content\/uploads\/2014\/03\/GV14_2899-1024x683.jpg\" alt=\"GV14_2899\" width=\"584\" height=\"389\" srcset=\"https:\/\/bergbau-gr.ch\/wordpress\/wp-content\/uploads\/2014\/03\/GV14_2899-1024x683.jpg 1024w, https:\/\/bergbau-gr.ch\/wordpress\/wp-content\/uploads\/2014\/03\/GV14_2899-300x200.jpg 300w, https:\/\/bergbau-gr.ch\/wordpress\/wp-content\/uploads\/2014\/03\/GV14_2899-449x300.jpg 449w\" sizes=\"auto, (max-width: 584px) 100vw, 584px\" \/><\/a><\/p>\n<p>Jann Rehm, Celerina<\/p>\n<p>Zum ersten Mal seit Bestehen des Vereins\u00a0 lud der FBG zur Vereinsversammlung auf \u201ehistorischem\u201c Boden in Davos ein.\u00a0 Der Einladung folgten 25 Mitglieder.\u00a0 Das Gasthaus Schmelzboden bot einen w\u00fcrdigen Rahmen f\u00fcr die Veranstaltung. Das Geb\u00e4ude wurde zu Anfang des 19. Jahrhunderts von Johannes Hitz erstellt. Es war das Verwaltungsgeb\u00e4ude des Bergwerks am Silberberg und es \u00a0beherbergt heute das Bergbaumuseum Graub\u00fcnden und das Gasthaus Schmelzboden.\u00a0 Kein weiteres Geb\u00e4ude des H\u00fcttenwerkes Schmelzboden hat den Lauf der Zeit \u00fcberlebt.<\/p>\n<p>In ihrem Jahresbericht hielt die\u00a0 Pr\u00e4sidentin Elsbeth Rehm\u00a0 R\u00fcckschau auf das vergangene Vereinsjahr.\u00a0 Sie erw\u00e4hnte die vielen geleisteten Fronstunden \u00a0und bedankte sich f\u00fcr den grossen freiwilligen Einsatz.\u00a0 Im Sommer konnte der Vorstand die pr\u00e4historischen Ausgrabungen der Abteilung Ur- und Fr\u00fchgeschichte der Universit\u00e4t\u00a0 Z\u00fcrich im Oberhalbstein besuchen und sich vor Ort ein Bild \u00fcber den vorgeschichtlichen Bergbau in Graub\u00fcnden machen. Ein wichtiges Thema des Jahres 2013 im Vorstand war der\u00a0\u00a0 internationale Bergbau- und Montanhistorik Workshop 2015. Eindringlich ruft die Pr\u00e4sidentin zur Werbung von Neumitgliedern auf.<\/p>\n<p align=\"left\">Die Jahresrechnung wurde genehmigt. Sie schliesst bei Einnahmen von Fr. 23\u2018237.71 und Ausgaben von Fr. 22\u2018132.00 mit einem Einnahmen-\u00dcberschuss von Fr. 1\u2018105.71 ab.\u00a0 Die Bilanz weist einen Schlussbestand von Fr. 52\u2018006.50 aus. \u00a0Im Budget 2014, welches im Rahmen des Vorjahres liegt, wird mit Einnahmen von Fr. 20\u2018400.00 und Ausgaben von Fr. 23\u2018850.00 gerechnet, was zu einem negativen Ergebnis in H\u00f6he von\u00a0 Fr. 3\u2018450.00 f\u00fchrt.\u00a0\u00a0 \u00a0Der Mitgliederbeitrag bleibt bei Fr. 50.00 f\u00fcr ordentliche Mitglieder und Fr. 20.00 f\u00fcr Sch\u00fcler, Studenten und Lehrlinge.<\/p>\n<p>Anstelle des erkrankten Toni Thaller wurde Johannes Mani, der neue Pr\u00e4sident der Vereins Erzminen Hinterrhein in den Vorstand FBG gew\u00e4hlt.\u00a0\u00a0 Toni Thaller hat nicht demissioniert und verbleibt im Vorstand. \u00a0Peter Kuhn ist als \u00a0Regionalgruppenleiter Domat Ems-Calanda zur\u00fcck getreten.\u00a0 Als neuer Regionalgruppenleiter wird \u00a0Mirco Brunner, zurzeit wohnhaft in Bern gew\u00e4hlt.<\/p>\n<p>Die Exkursion findet dieses Jahr ausnahmsweise etwas fr\u00fcher als \u00fcblich, n\u00e4mlich am Samstag, 2. August 2014 statt.\u00a0 Vorgesehen ist ein Besuch im Val S-charl<\/p>\n<p>Die Pr\u00e4sidentin orientierte ein weiteres Mal \u00fcber den internationalen Bergbau- und Montanhistorik Workshop, welcher in der Zeit vom 29. September bis 3. Oktober 2015 in Andeer stattfinden wird. Die Gemeinde Andeer stellt dem FBG die Mehrzweckhalle zum Nulltarif zur Verf\u00fcgung, wof\u00fcr sich die Pr\u00e4sidentin herzlich bedankt. \u00a0Im laufenden Jahr findet der Workshop in Freiberg\/Sachsen statt.\u00a0 Der Vorstand FBG wird mit einer Delegation anwesend sein und den eigenen Workshop vorstellen. Der BERGKNAPPE wird als Sondernummer zum Tagungsband.\u00a0 Er wird deshalb 2015 nur einmal, daf\u00fcr viel umfangreicher\u00a0 erscheinen.<\/p>\n<p align=\"left\">Am Nachmittag wurde die Gelegenheit geboten das Bergbaumuseum Schmelzboden zu besichtigen. Otto und Santina Hirzel hatten das Museum bei dieser Gelegenheit vorzeitig aus dem Winterschlaf geweckt.\u00a0 Im Winter ist das Museum normalerweise nicht ge\u00f6ffnet, da es nicht geheizt werden kann.<\/p>\nngg_shortcode_0_placeholder\n","protected":false},"excerpt":{"rendered":"<p>38. Vereinsversammlung Freunde des Bergbaus in Graub\u00fcnden FBG vom 15. M\u00e4rz 2014 \u00a0auf dem Schmelzboden in Davos mit anschliessendem Besuch des Bergbaumuseums Jann Rehm, Celerina Zum ersten Mal seit Bestehen des Vereins\u00a0 lud der FBG zur Vereinsversammlung auf \u201ehistorischem\u201c Boden &hellip; <a href=\"https:\/\/bergbau-gr.ch\/?page_id=2978\">Weiterlesen <span class=\"meta-nav\">&rarr;<\/span><\/a><\/p>\n","protected":false},"author":1,"featured_media":0,"parent":3843,"menu_order":0,"comment_status":"open","ping_status":"closed","template":"showcase.php","meta":{"ngg_post_thumbnail":0,"footnotes":""},"class_list":["post-2978","page","type-page","status-publish","hentry"],"_links":{"self":[{"href":"https:\/\/bergbau-gr.ch\/index.php?rest_route=\/wp\/v2\/pages\/2978","targetHints":{"allow":["GET"]}}],"collection":[{"href":"https:\/\/bergbau-gr.ch\/index.php?rest_route=\/wp\/v2\/pages"}],"about":[{"href":"https:\/\/bergbau-gr.ch\/index.php?rest_route=\/wp\/v2\/types\/page"}],"author":[{"embeddable":true,"href":"https:\/\/bergbau-gr.ch\/index.php?rest_route=\/wp\/v2\/users\/1"}],"replies":[{"embeddable":true,"href":"https:\/\/bergbau-gr.ch\/index.php?rest_route=%2Fwp%2Fv2%2Fcomments&post=2978"}],"version-history":[{"count":23,"href":"https:\/\/bergbau-gr.ch\/index.php?rest_route=\/wp\/v2\/pages\/2978\/revisions"}],"predecessor-version":[{"id":4515,"href":"https:\/\/bergbau-gr.ch\/index.php?rest_route=\/wp\/v2\/pages\/2978\/revisions\/4515"}],"up":[{"embeddable":true,"href":"https:\/\/bergbau-gr.ch\/index.php?rest_route=\/wp\/v2\/pages\/3843"}],"wp:attachment":[{"href":"https:\/\/bergbau-gr.ch\/index.php?rest_route=%2Fwp%2Fv2%2Fmedia&parent=2978"}],"curies":[{"name":"wp","href":"https:\/\/api.w.org\/{rel}","templated":true}]}}