{"id":3010,"date":"2014-03-23T10:54:57","date_gmt":"2014-03-23T08:54:57","guid":{"rendered":"http:\/\/www.bergbau-gr.ch\/wordpress\/?page_id=3010"},"modified":"2014-11-11T19:26:25","modified_gmt":"2014-11-11T17:26:25","slug":"erlebnisse-2013","status":"publish","type":"page","link":"https:\/\/bergbau-gr.ch\/?page_id=3010","title":{"rendered":"Erlebnisse 2013"},"content":{"rendered":"<p><strong>Bergbaujahr 2013:<\/strong><\/p>\n<p>31.08.13 <strong>FBG-Exkursion<\/strong> Innerferrera &#8211; Alp Samada &#8211; Ausserferrera (Bilder Rehm)ngg_shortcode_0_placeholder<\/p>\n<p>05.08.13 <strong>Grube St. Jakob<\/strong>, Casanna: ngg_shortcode_1_placeholder<\/p>\n<p>03.07.13 Besuch des Prospektions- und Ausgrabungsprojekts <strong>\u201ePr\u00e4historischer Bergbau im Oberhalbstein&#8220;<\/strong>, das in Kooperation zwischen dem Arch\u00e4ologischen Dienst Graub\u00fcnden (<a title=\"ADG\" href=\"http:\/\/www.archaeologie.gr.ch\/\" target=\"_blank\">ADG<\/a>) und der Abteilung Ur- und Fr\u00fchgeschichte der Universit\u00e4t Z\u00fcrich (UZH) statt findet.ngg_shortcode_2_placeholder<\/p>\n<p>23.06.13 Historischer Talweg und\u00a0&#8222;<strong>Foras digls Nanins<\/strong>&#8220; (Zwergl\u00f6cher) im God Margiaschlas bei der Station Stuls\/Stugl, (Bilder: Peter Kuhn) ngg_shortcode_3_placeholder<\/p>\n<p>28.5.-1.6.13, <a title=\"M\u00fcsen\" href=\"https:\/\/www.bergbau-gr.ch\/wordpress\/?page_id=2835\">FBG-Delegation besucht den<\/a><a title=\"M\u00fcsen\" href=\"https:\/\/www.bergbau-gr.ch\/wordpress\/?page_id=2835\"><strong><img loading=\"lazy\" decoding=\"async\" src=\"https:\/\/www.bergbau-gr.ch\/wordpress\/wp-content\/uploads\/2012\/09\/Georg-150x150.jpg\" alt=\"Georg\" width=\"90\" height=\"90\" \/><\/strong><\/a><a title=\"M\u00fcsen\" href=\"https:\/\/www.bergbau-gr.ch\/wordpress\/?page_id=2835\"><br \/>\n<strong>16. internantionalen Bergbau- und Montanhistorik-Workshop<\/strong> in M\u00fcsen<\/a>, Siegerland (D)<\/p>\n<p>&nbsp;<\/p>\n<p>21.04.13 75 Jahre <strong><a title=\"Schleitheim\" href=\"http:\/\/www.museum-schleitheim.ch\/gipsmuseum.htm\" target=\"_blank\">Gipsmuseum Schleitheim<\/a><\/strong> (Peter Kuhn)ngg_shortcode_4_placeholder<\/p>\n<p>16.03.13 Vereinsversammlung mit <a title=\"Vereinsversammlung, 16.3.13 Tiefencastel\" href=\"https:\/\/www.bergbau-gr.ch\/wordpress\/?page_id=2545\">Exkursion zum <strong>Gipswerk Alvaschein<\/strong><\/a> (Bilder: Peter Kuhn)ngg_shortcode_5_placeholder<\/p>\n<p>12.01.13 <strong>Versuchsstollen <a title=\"Hagerbach\" href=\"http:\/\/hagerbach.ch\/\" target=\"_blank\">Hagerbach <\/a><\/strong>(Peter Kuhn)ngg_shortcode_6_placeholder<a title=\"Erlebnisse 2012\" href=\"https:\/\/www.bergbau-gr.ch\/wordpress\/?page_id=2139\"><strong><br \/>\n<\/strong><\/a><\/p>\n","protected":false},"excerpt":{"rendered":"<p>Bergbaujahr 2013: 31.08.13 FBG-Exkursion Innerferrera &#8211; Alp Samada &#8211; Ausserferrera (Bilder Rehm) 05.08.13 Grube St. Jakob, Casanna: 03.07.13 Besuch des Prospektions- und Ausgrabungsprojekts \u201ePr\u00e4historischer Bergbau im Oberhalbstein&#8220;, das in Kooperation zwischen dem Arch\u00e4ologischen Dienst Graub\u00fcnden (ADG) und der Abteilung Ur- &hellip; <a href=\"https:\/\/bergbau-gr.ch\/?page_id=3010\">Weiterlesen <span class=\"meta-nav\">&rarr;<\/span><\/a><\/p>\n","protected":false},"author":1,"featured_media":0,"parent":953,"menu_order":0,"comment_status":"open","ping_status":"closed","template":"showcase.php","meta":{"ngg_post_thumbnail":0,"footnotes":""},"class_list":["post-3010","page","type-page","status-publish","hentry"],"_links":{"self":[{"href":"https:\/\/bergbau-gr.ch\/index.php?rest_route=\/wp\/v2\/pages\/3010","targetHints":{"allow":["GET"]}}],"collection":[{"href":"https:\/\/bergbau-gr.ch\/index.php?rest_route=\/wp\/v2\/pages"}],"about":[{"href":"https:\/\/bergbau-gr.ch\/index.php?rest_route=\/wp\/v2\/types\/page"}],"author":[{"embeddable":true,"href":"https:\/\/bergbau-gr.ch\/index.php?rest_route=\/wp\/v2\/users\/1"}],"replies":[{"embeddable":true,"href":"https:\/\/bergbau-gr.ch\/index.php?rest_route=%2Fwp%2Fv2%2Fcomments&post=3010"}],"version-history":[{"count":7,"href":"https:\/\/bergbau-gr.ch\/index.php?rest_route=\/wp\/v2\/pages\/3010\/revisions"}],"predecessor-version":[{"id":3724,"href":"https:\/\/bergbau-gr.ch\/index.php?rest_route=\/wp\/v2\/pages\/3010\/revisions\/3724"}],"up":[{"embeddable":true,"href":"https:\/\/bergbau-gr.ch\/index.php?rest_route=\/wp\/v2\/pages\/953"}],"wp:attachment":[{"href":"https:\/\/bergbau-gr.ch\/index.php?rest_route=%2Fwp%2Fv2%2Fmedia&parent=3010"}],"curies":[{"name":"wp","href":"https:\/\/api.w.org\/{rel}","templated":true}]}}