{"id":4535,"date":"2015-05-25T18:45:31","date_gmt":"2015-05-25T16:45:31","guid":{"rendered":"http:\/\/www.bergbau-gr.ch\/wordpress\/?page_id=4535"},"modified":"2015-11-21T00:31:28","modified_gmt":"2015-11-20T22:31:28","slug":"vortraege-workshop-2015","status":"publish","type":"page","link":"https:\/\/bergbau-gr.ch\/?page_id=4535","title":{"rendered":"Vortr\u00e4ge 2015"},"content":{"rendered":"<p><strong><a href=\"https:\/\/www.bergbau-gr.ch\/wordpress\/?page_id=3045\"><img loading=\"lazy\" decoding=\"async\" class=\"aligncenter size-full wp-image-5040\" src=\"https:\/\/www.bergbau-gr.ch\/wordpress\/wp-content\/uploads\/2015\/09\/Workshop-2015.jpg\" alt=\"Workshop 2015\" width=\"962\" height=\"106\" srcset=\"https:\/\/bergbau-gr.ch\/wordpress\/wp-content\/uploads\/2015\/09\/Workshop-2015.jpg 962w, https:\/\/bergbau-gr.ch\/wordpress\/wp-content\/uploads\/2015\/09\/Workshop-2015-300x33.jpg 300w, https:\/\/bergbau-gr.ch\/wordpress\/wp-content\/uploads\/2015\/09\/Workshop-2015-500x55.jpg 500w\" sizes=\"auto, (max-width: 962px) 100vw, 962px\" \/><\/a>Vortr\u00e4ge des 18. Internationaler Bergbau &amp; Montanhistorik Workshop 2015 in Andeer<\/strong><\/p>\n<p>\u00c4nderungen und Verschiebungen vorbehalten, aktualisiert 24.9.15<strong><br \/>\n<\/strong><br \/>\n<strong>Dienstag, 29. September 2015<br \/>\n<span style=\"color: #ff0000;\"><span style=\"color: #000000;\">18.00<\/span> \u00a0\u00a0 \u00a0\u00a0<\/span> \u00a0\u00a0\u00a0\u00a0\u00a0\u00a0\u00a0\u00a0\u00a0 <strong>Er\u00f6ffnungsfeier<\/strong> <\/strong>mit anschliessendem Ap\u00e9ro und Begr\u00fcssungsansprache\u00a0 Nationalrat Hansj\u00f6rg Hassler<strong><br \/>\n<\/strong><\/p>\n<p><strong>Mittwoch, 30. September 2015<\/strong><br \/>\n08.30 bis 09.00 Begr\u00fcssung,\u00a0 Guido Wostry \/ Elsbeth Rehm<br \/>\n09.10 bis 09.35 Bergbau in Graub\u00fcnden, Jann Rehm<br \/>\n09.40 bis 10.05 Stilllegungs- und Verwahrungsmassnahmen seit 1982 an dem Alt-Kali- undSteinsalzbergwerk Teutschenthal bei Halle\/Sachsen-Anhalt,Matthias Bock<br \/>\n10.05 bis 10.30 Pause<br \/>\n10.30 bis 10.55 Bergbauforschung in der Schweiz, Dr. Rainer K\u00fcndig<br \/>\n11.00 bis 11.25 Gonzen, Hans Eberli<br \/>\n11.30 bis 11.55 Der Schneeberger Lungenkrebs, Auftreten-Beschreibung-Erforschung, Jens Pfeifer<\/p>\n<p>20.45\u00a0\u00a0\u00a0\u00a0\u00a0\u00a0\u00a0\u00a0\u00a0\u00a0\u00a0\u00a0\u00a0\u00a0\u00a0 Die Geschichte der Familie Riedhauser, Bruno Riedhauser<\/p>\n<p><strong>Donnerstag, 1. Oktober 2015<br \/>\n<\/strong>.30 bis 08.40 Begr\u00fcssung \/ Organisation, Johannes Mani<br \/>\n08.40 bis 09.05 Blei-Silber-Kupfer-Metallurgie des Mittelalters im Tirol, Prof. Gerhard Sperl<br \/>\n09.10 bis 09.35 Arch\u00e4ologie Oberhalbstein, Dr. Rouven Turck<br \/>\n09.40 bis 10.05 K\u00e4pfnach, Werner Klaus<br \/>\n10.05 bis 10.30 Pause<br \/>\n10.30 bis 10.55 Region Hinterrhein, Hans St\u00e4bler<br \/>\n11.00 bis 11.25 Ein fr\u00fcher Beleg zur Anwendung der Schiessarbeit im Freiberger Bergbau betrifft die Grube &#8222;Komm Sieg mit Freuden&#8220; Halsbr\u00fccke, Jens Kugler<br \/>\n11.30 bis 11.55\u00a0 Im Brunnen der Festung K\u00f6nigstein, dipl. phys. Klaus J. Fritz<\/p>\n<p><strong>Samstag, 3. Oktober 2015<br \/>\n<\/strong>08.30 bis 08.40 Begr\u00fcssung \/ Organisation, Johannes Mani<br \/>\n08.40 bis 09.05 Naturpark Beverin, Remo Kellenberger<br \/>\n09.10 bis 09.35 Zu den Anf\u00e4ngen des Bergbaus in M\u00fchlbach im Pinzgau, Ing. Guido Wostry<br \/>\n09.40 bis 10.05 Vermessung,Thomas Arbenz<br \/>\n10.05 bis 10.30 Pause<br \/>\n10.30 bis 10.55 The Continental Diamond-Rock-Boring-Company 1871-1919, Dipl-Min. Norbert Knauf<br \/>\n11.00 bis 11.25 Die synsediment\u00e4ren Blei-Zinklagerst\u00e4tten des diskordanten Lagerst\u00e4ttentypus im Wettersteinkalk im Raum Reichenhall und Inzell (Bayern), Michael L\u00e4ntzsch<br \/>\n11.30 bis 11.55\u00a0 Geologisch-montanhistorische Karten &#8211; Anspruch und Ziele, Klaus Stedingk<\/p>\n<p>19:00 \u00a0\u00a0\u00a0\u00a0\u00a0\u00a0\u00a0\u00a0\u00a0\u00a0\u00a0\u00a0\u00a0\u00a0\u00a0 <strong>Gottesdienst und Abschlussabend<\/strong>,<strong><br \/>\n<\/strong><span style=\"color: #ffffff;\">&#8230;&#8230;&#8230;&#8230;&#8230;&#8230;&#8230;.<\/span>mit Worten der Regierung des Kantons Graub\u00fcnden, Regierungsrat Dr. Christian Rathgeb,<br \/>\n<span style=\"color: #ffffff;\">&#8230;&#8230;&#8230;&#8230;&#8230;&#8230;&#8230;.<\/span>Vorstellung des 19. internationalen Bergbau &amp; Montanhistorik Workshops 2016<\/p>\n<p><a href=\"https:\/\/www.bergbau-gr.ch\/wordpress\/wp-content\/uploads\/2015\/08\/Vortraege1.08.15.pdf\" target=\"_blank\">Vortragsliste, Stand 24.9.15<\/a><\/p>\n","protected":false},"excerpt":{"rendered":"<p>Vortr\u00e4ge des 18. Internationaler Bergbau &amp; Montanhistorik Workshop 2015 in Andeer \u00c4nderungen und Verschiebungen vorbehalten, aktualisiert 24.9.15 Dienstag, 29. September 2015 18.00 \u00a0\u00a0 \u00a0\u00a0 \u00a0\u00a0\u00a0\u00a0\u00a0\u00a0\u00a0\u00a0\u00a0 Er\u00f6ffnungsfeier mit anschliessendem Ap\u00e9ro und Begr\u00fcssungsansprache\u00a0 Nationalrat Hansj\u00f6rg Hassler Mittwoch, 30. September 2015 08.30 bis &hellip; <a href=\"https:\/\/bergbau-gr.ch\/?page_id=4535\">Weiterlesen <span class=\"meta-nav\">&rarr;<\/span><\/a><\/p>\n","protected":false},"author":1,"featured_media":0,"parent":3045,"menu_order":0,"comment_status":"open","ping_status":"closed","template":"showcase.php","meta":{"ngg_post_thumbnail":0,"footnotes":""},"class_list":["post-4535","page","type-page","status-publish","hentry"],"_links":{"self":[{"href":"https:\/\/bergbau-gr.ch\/index.php?rest_route=\/wp\/v2\/pages\/4535","targetHints":{"allow":["GET"]}}],"collection":[{"href":"https:\/\/bergbau-gr.ch\/index.php?rest_route=\/wp\/v2\/pages"}],"about":[{"href":"https:\/\/bergbau-gr.ch\/index.php?rest_route=\/wp\/v2\/types\/page"}],"author":[{"embeddable":true,"href":"https:\/\/bergbau-gr.ch\/index.php?rest_route=\/wp\/v2\/users\/1"}],"replies":[{"embeddable":true,"href":"https:\/\/bergbau-gr.ch\/index.php?rest_route=%2Fwp%2Fv2%2Fcomments&post=4535"}],"version-history":[{"count":35,"href":"https:\/\/bergbau-gr.ch\/index.php?rest_route=\/wp\/v2\/pages\/4535\/revisions"}],"predecessor-version":[{"id":5489,"href":"https:\/\/bergbau-gr.ch\/index.php?rest_route=\/wp\/v2\/pages\/4535\/revisions\/5489"}],"up":[{"embeddable":true,"href":"https:\/\/bergbau-gr.ch\/index.php?rest_route=\/wp\/v2\/pages\/3045"}],"wp:attachment":[{"href":"https:\/\/bergbau-gr.ch\/index.php?rest_route=%2Fwp%2Fv2%2Fmedia&parent=4535"}],"curies":[{"name":"wp","href":"https:\/\/api.w.org\/{rel}","templated":true}]}}