{"id":558,"date":"2012-08-30T17:25:24","date_gmt":"2012-08-30T15:25:24","guid":{"rendered":"http:\/\/www.bergbau-gr.ch\/wordpress\/?page_id=558"},"modified":"2019-10-02T14:01:01","modified_gmt":"2019-10-02T12:01:01","slug":"bergknappe-31-42-1985-87","status":"publish","type":"page","link":"https:\/\/bergbau-gr.ch\/?page_id=558","title":{"rendered":"BK 31-42 1985-1987"},"content":{"rendered":"<p>Ausgabe Nr. 31-42, 1985-1987, digitalisiert in pdf durch Walter Good<\/p>\n<p><span style=\"font-family: Arial;\"><a href=\"https:\/\/www.bergbau-gr.ch\/wordpress\/wp-content\/uploads\/bk\/bk_31.pdf\" target=\"_blank\" rel=\"noopener\">Bergknappe Nr. 31<\/a>, 1\/1985, Februar<br \/>\n&#8211; Der fr\u00fchere Bergbau im Sertigtal, Davos: Das Kupfer-Arsen-Vorkommen am T\u00e4llihorn<br \/>\n&#8211; Eine wahre Goldgrube im Tessin<br \/>\n&#8211; Eisengewinnung eine alte Technik neu belebt<br \/>\n&#8211; Die Gewinnung von Holzkohle zum Schmelzprozess vom Mittelalter bis in die Neuzeit<br \/>\n&#8211; Mit modernen Methoden auf der Jagd nach Bodensch\u00e4tzen<br \/>\n&#8211; Der Ledersprung, ein altes bergm\u00e4nnisches Brauchtum<br \/>\n&#8211; Grube &#8222;St. Johann&#8220; beim Alvaneu Bad wieder entdeckt<br \/>\n&#8211; Verschiedenes<\/span><\/p>\n<p><span style=\"font-family: Arial;\"><a href=\"https:\/\/www.bergbau-gr.ch\/wordpress\/wp-content\/uploads\/bk\/bk_32.pdf\" target=\"_blank\" rel=\"noopener\">Bergknappe Nr. 32<\/a>, 2\/1985, Mai<br \/>\n&#8211; Der Bergbau im B\u00fcndner Oberland: Die Erzgruben von Obersaxen-Affeier-Viv\u00e9r<br \/>\n&#8211; Der Kohlenbergbau in der Schweiz: Die Kohlengruben im Kandertal, Kt. Bern<br \/>\n&#8211; Erz, Gips und Schwefel in der ,,Casanna&#8220; ob Klosters<br \/>\n&#8211; Trift und Fl\u00f6sserei im Zusammenhang mit Bergbau in fr\u00fcheren Zeiten in Graub\u00fcnden<br \/>\n&#8211; Verschiedenes<\/span><\/p>\n<p><span style=\"font-family: Arial;\"><a href=\"https:\/\/www.bergbau-gr.ch\/wordpress\/wp-content\/uploads\/bk\/bk_33.pdf\" target=\"_blank\" rel=\"noopener\">Bergknappe Nr. 33<\/a>, 3\/1985, August<br \/>\n&#8211; Der Bergbau im B\u00fcndner Oberland: Die Erzgruben von Obersaxen und Val Schmu\u00e9r<br \/>\n&#8211; Der Kohlenbergbau in der Schweiz: Die Molassekohlengruben Greit und Wurf am Gottschalkenberg Kt. Zug<br \/>\n&#8211; Bergbauarch\u00e4ologische Forschungen in der Volksrepublik China<br \/>\n&#8211; Der Kupfer-Bergbau der Ph\u00f6nizier und R\u00f6mer auf Zypern<br \/>\n&#8211; Walser als bekannte Holzriesen- Erbauer<br \/>\n&#8211; Verschiedenes<\/span><\/p>\n<p><span style=\"font-family: Arial;\"><a href=\"https:\/\/www.bergbau-gr.ch\/wordpress\/wp-content\/uploads\/bk\/bk_34.pdf\" target=\"_blank\" rel=\"noopener\">Bergknappe Nr. 34<\/a>, 4\/1985, November<br \/>\n&#8211; Der Bergbau im B\u00fcndner Oberland: Der Bergbau von Puntaiglas ob Trun<br \/>\n&#8211; Der Kohlenbergbau in der Schweiz: Gesamt\u00fcbersicht<br \/>\n&#8211; Venediger und Fahrende Sch\u00fcler<br \/>\n&#8211; Die Technologie der Glasherstellung von den Anf\u00e4ngen bis zum Sp\u00e4tmittelalter<br \/>\n&#8211; Reise in Oesterreichs Montangeschichte<br \/>\n&#8211; Verschiedenes<\/span><\/p>\n<p><span style=\"font-family: Arial;\"><a href=\"https:\/\/www.bergbau-gr.ch\/wordpress\/wp-content\/uploads\/bk\/bk_35.pdf\" target=\"_blank\" rel=\"noopener\">Bergknappe Nr. 35<\/a>, 1\/1986, Februar<br \/>\n&#8211; Der Bergbau im B\u00fcndner Oberland: Das Uranvorkommen von Trun und Umgebung<br \/>\n&#8211; Der Kohlenbergbau in der Schweiz: Auf den Spuren des Bergwerks K\u00e4pfnach- Horgen<br \/>\n&#8211; Pflanzen, Indikatoren f\u00fcr Erzvorkommen<br \/>\n&#8211; Das Inventar des Eisenbergwerkes Gonzen 1771<br \/>\n&#8211; \u00dcber die Technik der Bronzeherstellung und deren Verarbeitung<br \/>\n&#8211; Neue Erkenntnisse \u00fcber die ,,Schmelzra in S-charl im Unterengadin<br \/>\n&#8211; Eine Schulklasse vermisst das Stollengel\u00e4nde von Gruba-Sur im Oberhalbstein<br \/>\n&#8211; Exkursion zur Blei-Zinklagerst\u00e4tte Bleiberg ob Schmitten\/ Albula<br \/>\n&#8211; Verschiedenes<\/span><\/p>\n<p><span style=\"font-family: Arial;\"><a href=\"https:\/\/www.bergbau-gr.ch\/wordpress\/wp-content\/uploads\/bk\/bk_36.pdf\" target=\"_blank\" rel=\"noopener\">Bergknappe Nr. 36<\/a>, 2\/1986, Mai<br \/>\n&#8211; Zehn Jahre Verein der Freunde des Bergbaues in Graub\u00fcnden<br \/>\n&#8211; Bergbau Forschung in der Schweiz<br \/>\n&#8211; Der Bergbau im B\u00fcndner Oberland: Die Talksteingruben von Disentis und Umgebung<br \/>\n&#8211; Kohlenbergbau in der Schweiz: Ein Anthrazitvorkommen in Graub\u00fcnden<br \/>\n&#8211; Zinkerzlagerst\u00e4tten<br \/>\n&#8211; 2000 Jahre Zink und Messing, Ausgrabungen auf den Erzvorkommen von Zawar, Rajasthan<br \/>\n&#8211; Brombenz und die Brombenz-Sage<br \/>\n&#8211; Neues aus dem Monte Rosa Goldbezirk<br \/>\n&#8211; 2000 Jahre Lavezstein<br \/>\n&#8211; Verschiedenes<\/span><\/p>\n<p><span style=\"font-family: Arial;\"><a href=\"https:\/\/www.bergbau-gr.ch\/wordpress\/wp-content\/uploads\/bk\/bk_37.pdf\" target=\"_blank\" rel=\"noopener\">Bergknappe Nr. 37<\/a>, 3\/1986, August<br \/>\n&#8211; Haben die Plurser Bergherren auch im Averser- Madrisathal und im Val di Lei Bergbau betrieben ?<br \/>\n&#8211; Der Bergbau im B\u00fcndner Oberland: Verschiedene Abbaustellen<br \/>\n&#8211; Das Eisenbergwerk Gonzen bei Sargans<br \/>\n&#8211; Die Gewinnung von Marmor in Arzo, Kt. Tessin<br \/>\n&#8211; Gew\u00e4hrschein (Kux), Anteil an einer bergrechtlichen Gewerkschaft<br \/>\n&#8211; Verschiedenes<\/span><\/p>\n<p><span style=\"font-family: Arial;\"><a href=\"https:\/\/www.bergbau-gr.ch\/wordpress\/wp-content\/uploads\/bk\/bk_38.pdf\" target=\"_blank\" rel=\"noopener\">Bergknappe Nr. 38<\/a>, 4\/1986, November<br \/>\n&#8211; Der alte Goldbergbau an der &#8218;Goldenen Sonne&#8216; am Calanda bei Chur<br \/>\n&#8211; Das Aluminium am Anfang seiner Entwicklungsgeschichte<br \/>\n&#8211; Die Talk Nephrit-Lagerst\u00e4tte Scortaseo im Puschlav bei Le Prese<br \/>\n&#8211; Bergbau im Schams und Ferreratal<br \/>\n&#8211; Exkursion Eisenbergwerk Gonzen, Sargans<br \/>\n&#8211; Das erste Gold der Menschheit<br \/>\n&#8211; Verschiedenes<\/span><\/p>\n<p><span style=\"font-family: Arial;\"><a href=\"https:\/\/www.bergbau-gr.ch\/wordpress\/wp-content\/uploads\/bk\/bk_39.pdf\" target=\"_blank\" rel=\"noopener\">Bergknappe Nr. 39<\/a>, 1\/1987, Februar<br \/>\n&#8211; \u00dcber die Forschungen von Joh. Strub (1884 &#8211; 1967) am Silberberg bei Davos<br \/>\n&#8211; Der Bergbau im S-charltal vom Mittelalter bis in die Neuzeit: Geschichte<br \/>\n&#8211; Eisenherstellung bei den Senufo in Westafrika<br \/>\n&#8211; Herstellung von Eisen im Rennfeuer durch die Schmiedezunft Eligius, Paradies, TG<br \/>\n&#8211; St. Michaels Bergmannslied<br \/>\n&#8211; Verschiedenes<\/span><\/p>\n<p><span style=\"font-family: Arial;\"><a href=\"https:\/\/www.bergbau-gr.ch\/wordpress\/wp-content\/uploads\/bk\/bk_40.pdf\" target=\"_blank\" rel=\"noopener\">Bergknappe Nr. 40<\/a>, 2\/1987, Mai<br \/>\n&#8211; \u00dcber die Forschung von Joh. Strub (1884-1967) am Silberberg bei Davos (Forts. 1)<br \/>\n&#8211; Der Bergbau im S-charltal vom Mittelalter bis in die Neuzeit: Geschichte (Forts. 1)<br \/>\n&#8211; Die Vitriol- und Schwefelgewinnung in Graub\u00fcnden<br \/>\n&#8211; Hathor, G\u00f6ttin des Bergbaus: K\u00f6nigin des T\u00fcrkislandes<br \/>\n&#8211; Verschiedenes<\/span><\/p>\n<p><span style=\"font-family: Arial;\"><a href=\"https:\/\/www.bergbau-gr.ch\/wordpress\/wp-content\/uploads\/bk\/bk_41.pdf\" target=\"_blank\" rel=\"noopener\">Bergknappe Nr. 41<\/a>, 3\/1987, August<br \/>\n&#8211; Der Bergbau im S-charltal vom Mittelalter bis in die Neuzeit: Die Blei- und Zinkgewinnung (Forts. 2)<br \/>\n&#8211; Die Eisen- und Stahlherstellung im ,,Eisenwerk am Stein&#8220; auf Flecs bei Salouf, Oberhalbstein<br \/>\n&#8211; \u00dcber die Forschung von Joh. Strub (1884-1967) am Silberberg bei Davos (Forts. 2)<br \/>\n&#8211; Lagerst\u00e4ttenbildung an divergenten Plattengrenzen<br \/>\n&#8211; Bitumen-Asphalt-Verwendung schon vor 5000 Jahren im Zweistromland<br \/>\n&#8211; Verschiedenes<\/span><\/p>\n<p><span style=\"font-family: Arial;\"><a href=\"https:\/\/www.bergbau-gr.ch\/wordpress\/wp-content\/uploads\/bk\/bk_42.pdf\" target=\"_blank\" rel=\"noopener\">Bergknappe Nr. 42<\/a>, 4\/1987, November<br \/>\n&#8211; Der Bergbau im S-charltal vom Mittelalter bis in die Neuzeit: Die Blei- und Zinkgewinnung (Forts. 3)<br \/>\n&#8211; \u00dcber die Forschung von Joh. Strub (1884-1967) am Silberberg bei Davos (Forts. 3)<br \/>\n&#8211; Die Entdeckungsgeschichte des Urans und Vorkommen in der Schweiz<br \/>\n&#8211; Die Namensgebung von Stollen und Bergwerken vom Mittelalter bis in die Neuzeit (Schutzheilige)<br \/>\n&#8211; Die Eisen-Kupfer-Vorkommen von Lavin, Unterengadin<br \/>\n&#8211; Verschiedenes<\/span><\/p>\n<p><a title=\"Bergknappe\" href=\"https:\/\/www.bergbau-gr.ch\/wordpress\/?page_id=61\">Zum Anfang Bergknappe<\/a><\/p>\n","protected":false},"excerpt":{"rendered":"<p>Ausgabe Nr. 31-42, 1985-1987, digitalisiert in pdf durch Walter Good Bergknappe Nr. 31, 1\/1985, Februar &#8211; Der fr\u00fchere Bergbau im Sertigtal, Davos: Das Kupfer-Arsen-Vorkommen am T\u00e4llihorn &#8211; Eine wahre Goldgrube im Tessin &#8211; Eisengewinnung eine alte Technik neu belebt &#8211; &hellip; <a href=\"https:\/\/bergbau-gr.ch\/?page_id=558\">Weiterlesen <span class=\"meta-nav\">&rarr;<\/span><\/a><\/p>\n","protected":false},"author":1,"featured_media":0,"parent":61,"menu_order":0,"comment_status":"open","ping_status":"closed","template":"showcase.php","meta":{"ngg_post_thumbnail":0,"footnotes":""},"class_list":["post-558","page","type-page","status-publish","hentry"],"_links":{"self":[{"href":"https:\/\/bergbau-gr.ch\/index.php?rest_route=\/wp\/v2\/pages\/558","targetHints":{"allow":["GET"]}}],"collection":[{"href":"https:\/\/bergbau-gr.ch\/index.php?rest_route=\/wp\/v2\/pages"}],"about":[{"href":"https:\/\/bergbau-gr.ch\/index.php?rest_route=\/wp\/v2\/types\/page"}],"author":[{"embeddable":true,"href":"https:\/\/bergbau-gr.ch\/index.php?rest_route=\/wp\/v2\/users\/1"}],"replies":[{"embeddable":true,"href":"https:\/\/bergbau-gr.ch\/index.php?rest_route=%2Fwp%2Fv2%2Fcomments&post=558"}],"version-history":[{"count":20,"href":"https:\/\/bergbau-gr.ch\/index.php?rest_route=\/wp\/v2\/pages\/558\/revisions"}],"predecessor-version":[{"id":7982,"href":"https:\/\/bergbau-gr.ch\/index.php?rest_route=\/wp\/v2\/pages\/558\/revisions\/7982"}],"up":[{"embeddable":true,"href":"https:\/\/bergbau-gr.ch\/index.php?rest_route=\/wp\/v2\/pages\/61"}],"wp:attachment":[{"href":"https:\/\/bergbau-gr.ch\/index.php?rest_route=%2Fwp%2Fv2%2Fmedia&parent=558"}],"curies":[{"name":"wp","href":"https:\/\/api.w.org\/{rel}","templated":true}]}}