{"id":760,"date":"2012-09-24T17:10:57","date_gmt":"2012-09-24T15:10:57","guid":{"rendered":"http:\/\/www.bergbau-gr.ch\/wordpress\/?page_id=760"},"modified":"2015-10-04T12:29:30","modified_gmt":"2015-10-04T10:29:30","slug":"bergknappe-116-120-10-12","status":"publish","type":"page","link":"https:\/\/bergbau-gr.ch\/?page_id=760","title":{"rendered":"BK 116-125 2010-2014"},"content":{"rendered":"<p><span style=\"font-family: Helvetica;\">Ausgabe Nr. 116-125, 2009-2014<\/span><\/p>\n<p><span style=\"font-family: Helvetica;\"><a href=\"https:\/\/www.bergbau-gr.ch\/wordpress\/wp-content\/uploads\/bk\/bk_116.pdf\" target=\"_blank\">Bergknappe Nr. 116,<\/a> 1\/2010,\u00a0 April<br \/>\n<\/span>&#8211; <span style=\"font-family: helvetica,arial,sans-serif;\">Wort der Pr\u00e4sidentin<\/span><br \/>\n&#8211; <span style=\"font-family: helvetica,arial,sans-serif;\">Sanieren von Baudenkm\u00e4lern und historischen Bauten<\/span><br \/>\n&#8211; <span style=\"font-family: helvetica,arial,sans-serif;\">Der Bergmannsschmuck des Kurf\u00fcrsten\u00a0 Johann Georg II von Sachsen<\/span><br \/>\n&#8211; <span style=\"font-family: helvetica,arial,sans-serif;\">Carl Friedrich Christian Mohs<\/span><br \/>\n&#8211; <span style=\"font-family: helvetica,arial,sans-serif;\">Friedrich Wilhelm Heinrich von Trebra<\/span><br \/>\n&#8211; <span style=\"font-family: helvetica,arial,sans-serif;\">Erinnernung an Prof. Joachim Klaus Strzodka<\/span><br \/>\n&#8211; <span style=\"font-family: helvetica,arial,sans-serif;\">Verschiedenes, aus den Regionen<br \/>\n<\/span><\/p>\n<p><span style=\"font-family: Helvetica;\"><a href=\"https:\/\/www.bergbau-gr.ch\/wordpress\/wp-content\/uploads\/bk\/bk_117.pdf\" target=\"_blank\">Bergknappe Nr. 117,<\/a> 2\/2010,\u00a0 Oktober<\/span><br \/>\n&#8211; <span style=\"font-family: helvetica,arial,sans-serif;\">Wort der Pr\u00e4sidentin<\/span><br \/>\n&#8211; <span style=\"font-family: helvetica,arial,sans-serif;\">Das neue Bergbaumuseum Taspin<br \/>\n&#8211; Die historischen Schmelzanlagen der Region Klosters-Serneus<br \/>\n&#8211; Von einer Renaissance des Uran-Bergbaus in Tschechien<br \/>\n&#8211; Der FBG zu Besuch in Marienberg<br \/>\n&#8211; Zum 175. Todestag von Friedrich Gottlieb von Busse, Wissenschafler f\u00fcr Montanwesen<br \/>\n&#8211; Hieronymus Theodor Richter, Entdecker des chemischen Elementes Indium<br \/>\n&#8211; Marienberger Bergs\u00e4nger zu Besuch<br \/>\n&#8211; Historischer Bergbau im Norden der Schweiz, im alten Vorder\u00f6sterreich<br \/>\n&#8211; Bericht zur Generalversammlung 2009 der Schweiz. Gesellschaft f\u00fcr historische Bergbauforschung<br \/>\n&#8211; Bericht einer Reise in den Harz<br \/>\n&#8211; Exkursion M\u00fcrtschenalp<br \/>\n&#8211; Leserbrief<br \/>\n&#8211; Vorank\u00fcndigung Vereinsversammlungen 2011 FBG und BSD<br \/>\n&#8211; Mitgliederbeitr\u00e4ge<\/span><\/p>\n<p><span style=\"font-family: Helvetica;\"><a href=\"https:\/\/www.bergbau-gr.ch\/wordpress\/wp-content\/uploads\/bk\/bk_118.pdf\" target=\"_blank\">Bergknappe Nr. 118, <\/a>1\/2011,\u00a0 April<br \/>\n&#8211; Wort der Pr\u00e4sidentin<br \/>\n&#8211; S\u00e4chsische Berg- und H\u00fcttenleute und die Geschichte der europ\u00e4ischen Porzellanerfindung<br \/>\n&#8211; 245 Jahre Technische Universit\u00e4t Bergakademie Freiberg\/Sachsen<br \/>\n&#8211; Der Dalvazzersrtollen im Silberberg, Davos<br \/>\n&#8211; Stimmungsbilder aus der Eisengrube von Latsch<br \/>\n&#8211; SGHB- Exkursion 2010, Thermalquelle Baden<br \/>\n&#8211; Schweizer Bergfreunde zu Gast in Marienberg<br \/>\n&#8211; FBG- Exkursion 2010, M\u00fcrtschenalp, eine Erg\u00e4nzung<br \/>\n&#8211; Ein versch\u00fcttetes Juwel der Slowakei<br \/>\n&#8211; FBG Vereinsversammlung vom 12. M\u00e4rz, 2011<br \/>\n&#8211; BSD Vereinsversammlung vom 12. Februar, 2011<br \/>\n&#8211; Zum Gedenken<br \/>\n&#8211; Neue B\u00fccher<br \/>\n&#8211; Goldene Sonne am Calanda<br \/>\n&#8211; Eine Sage zum Untergang des Fleckens Plurs<br \/>\n&#8211; Vereinsmitteilungen<\/span><\/p>\n<p><span style=\"font-family: Helvetica;\"><a href=\"https:\/\/www.bergbau-gr.ch\/wordpress\/wp-content\/uploads\/bk\/bk_119.pdf\" target=\"_blank\">Bergknappe Nr. 119,<\/a> 2\/2011,\u00a0 Oktober<br \/>\n<\/span>&#8211; <span style=\"font-family: helvetica,arial,sans-serif;\">Wort der Pr\u00e4sidentin<\/span><br \/>\n&#8211; Munt Buffalora<span style=\"font-family: helvetica,arial,sans-serif;\"><br \/>\n&#8211; Die Geschichte des Eisens<br \/>\n&#8211; Friedrich Constantin Freiherr von Beust<br \/>\n&#8211; Friedrich August Breithaupt<br \/>\n&#8211; Nachruf Walter Frey<br \/>\n&#8211; Vereinsmitteilungen:<br \/>\n&#8211; Mitgliederversammlung Verein Erzminen Hinterrhein<br \/>\n&#8211; Exkursionsleiterausbildung<br \/>\n&#8211; Miniers da S-charl, Bericht von der Vereinsversammlung<br \/>\n&#8211; FBG &#8211; Exkursion 2011, Goldene Sonne<br \/>\n&#8211; Voranzeige: FBG- Vereinsversammlung 2012<br \/>\n&#8211; Voranzeige: BSD- Vereinsversammlung 2012<br \/>\n&#8211; Tunnel- und Stollenbau damals und heute<\/span><\/p>\n<p><a href=\"https:\/\/www.bergbau-gr.ch\/wordpress\/wp-content\/uploads\/bk\/bk_120.pdf\" target=\"_blank\">Bergknappe Nr. 120,<\/a> 1\/2012,\u00a0 April<br \/>\n&#8211; <span style=\"font-family: helvetica,arial,sans-serif;\">Wort der Pr\u00e4sidentin<\/span><br \/>\n&#8211; Dr. h. c. Hans Kr\u00e4henb\u00fchl ist gestorben<span style=\"font-family: helvetica,arial,sans-serif;\"><br \/>\n&#8211; Erlebnisbericht \u00fcber die Aufw\u00e4ltigung des Dalvazzerstollens am Silberberg Davos<br \/>\n&#8211; R\u00f6mischer Goldbergbau auf Dalaucothi (Wales) GB<br \/>\n&#8211; 14. Internationaler Bergbau- und Montanhistorik &#8211; Workschop in Annaberg &#8211; Buchholz<br \/>\n&#8211; Die Schmelze Bellaluna<br \/>\n&#8211; Johann Carl Freiesleben<br \/>\n&#8211; Vereinsmitteilungen:<br \/>\n&#8211; Vereinsversammlung FBG<br \/>\n&#8211; Exkursion 2012<br \/>\n&#8211; Mitgliederbeitrag<br \/>\n&#8211; Vereinsversammlung BSD<br \/>\n&#8211; Hinterrhein: Von der Hirtenh\u00fctte zur Erzbauh\u00fctte<br \/>\n&#8211; Ausstellungsraum in Innerferrera<br \/>\n&#8211; Werner Steinert<\/span><\/p>\n<p><a href=\"https:\/\/www.bergbau-gr.ch\/wordpress\/wp-content\/uploads\/bk\/bk_121.pdf\" target=\"_blank\">Bergknappe Nr. 121,<\/a> 2\/2012,\u00a0 Oktober<br \/>\n&#8211; Impressum<br \/>\n&#8211; Wort der Pr\u00e4sidentin<br \/>\n&#8211; Erzwege: Eisenerztransport in der vorindustriellen Schweiz<br \/>\n&#8211; Der Selterskrug im Dalvazzerstollen (BK 120)<br \/>\n&#8211; Museumsshop f\u00fcr Kleinmuseen<br \/>\n&#8211; Friedrich Karl Kegel<br \/>\n&#8211; Oberberghauptmann von Herder und das s\u00e4chsische Montanwesen<br \/>\n&#8211; Die Landschaft Davos: Geognostische Beschaffenheit und Mineralogie<br \/>\n&#8211; St\u00e4dte als Rohstofflager<br \/>\n&#8211; Vorstellung Metalle (Teil 2)<br \/>\n&#8211; Vereinsmitteilungen<br \/>\n&#8211; Vereinsversammlung Erzminen Hinterrhein<br \/>\n&#8211; Vereinsversammlung Societ\u00e0 Miniers da S-charl<br \/>\n&#8211; Exkursion 2012, ein Bericht<br \/>\n&#8211; Vorschau Mineralienb\u00f6rse Chur<br \/>\n&#8211;\u00a0 Aus der Presse<\/p>\n<p><a href=\"https:\/\/www.bergbau-gr.ch\/wordpress\/wp-content\/uploads\/bk\/bk_122.pdf\" target=\"_blank\">Bergknappe Nr. 122,<\/a> 1\/2013,\u00a0 April<br \/>\n&#8211; Impressum<br \/>\n&#8211; Wort der Pr\u00e4sidentin<br \/>\n&#8211; Bormio und die Eisenverh\u00fcttung am Ofenberg<br \/>\n&#8211; Die interessanten Erze, Mineralien und Gesteine im Gotschna- und Casannagebiet<br \/>\n&#8211; Urban Mining, der Kanton Z\u00fcrich als Rohstofflager<br \/>\n&#8211; Carl Heinrich Adolf Ledebur<br \/>\n&#8211; 15. Internationaler Montanhistorik- und Bergbauworkshop Bad Bleiberg<br \/>\n&#8211;\u00a0 Vereinsmitteilungen:<br \/>\n&#8211; Sonderausstellung des FBG an der Mineralienb\u00f6rse in Chur<br \/>\n&#8211; Bericht von der Vereinsversammlung FBG vom 16. M\u00e4rz 2013 in Tiefencastel<br \/>\n&#8211; Vereinsversammlung BSD<br \/>\n&#8211; Vorschau auf die Exkursion 2013<br \/>\n&#8211; Die neue FBG-Homepage<br \/>\n&#8211; Bergbaumuseum Innerferrera<br \/>\n&#8211; Mitgliederbeitr\u00e4ge 2013<br \/>\n&#8211; Aus den Tageszeitungen:<br \/>\n&#8211; Val Minor<br \/>\n&#8211; Aufbau im Bergbau<\/p>\n<p><a title=\"BK 123\" href=\"https:\/\/www.bergbau-gr.ch\/wordpress\/wp-content\/uploads\/bk\/bk_123.pdf\" target=\"_blank\">Bergknappe Nr. 123<\/a><a href=\"https:\/\/www.bergbau-gr.ch\/wordpress\/wp-content\/uploads\/bk\/bk_120.pdf\" target=\"_blank\">,<\/a> 2\/2013,\u00a0 Oktober<br \/>\n&#8211; Impressum<br \/>\n&#8211; Wort der Pr\u00e4sidentin<br \/>\n&#8211; Dr. Eduard Haldemann, ein Nachruf<br \/>\n&#8211; Die interessantesten Erze, Mineralien und Gesteine im Gotschna- und Casannagebiet (Teil 2)<br \/>\n&#8211; Neues zur Herstellung der Stahls\u00e4ule in Delhi \/ Indien<br \/>\n&#8211; Andeer und Gruobas, ein Exkursionsbericht<br \/>\n&#8211; Erich Rammler, Wissenschaftler auf dem Gebiet der Braunkohleindustrie<br \/>\n&#8211; Carl Theodor K\u00f6rner, Dichter und Dramatiker in Freiberg<br \/>\n&#8211; 16. Internationaler Montanhistorik- und Bergbauworkshop 2013<br \/>\n&#8211; FBG-Exkursion 2013<br \/>\n&#8211; 3. ordentliche Vereinsversammlung Erzminen Hinterrhein<br \/>\n&#8211; Vereinsversammlung Miniers da S-charl<br \/>\n&#8211; Stiftung Bergbaumuseum Schmelzboden Davos<br \/>\n&#8211; Aus dem SGHB:<br \/>\n&#8211; Ein Exkursionsbericht<br \/>\n&#8211; Die neue &#8222;Minaria Helvetica&#8220; ist erschienen<br \/>\n&#8211; Neue B\u00fccher: Gold in der Schweiz, auf der Suche nach dem edlen Metall; Anniviers et Tourtemagne<br \/>\n&#8211; Nochmals Seltersflaschen, ein Leserbrief<br \/>\n&#8211; In eigener Sache: Mitglied werden beim FBG<\/p>\n<p><a title=\"BK 124\" href=\"https:\/\/www.bergbau-gr.ch\/wordpress\/wp-content\/uploads\/bk\/bk_124.pdf\" target=\"_blank\">Bergknappe Nr. 124<\/a>, 1\/2014,\u00a0 April<br \/>\n&#8211; Impressum<br \/>\n&#8211; Wort der Pr\u00e4sidentin<br \/>\n&#8211; Aquarellist Heinrich Keller und andere Besucher\u00a0 der Schmelzra in S-charl<br \/>\n&#8211; Schenkung Erben Dr. Hans Kr\u00e4henb\u00fchl<br \/>\n&#8211; Die Erni-Wappenscheibe im Rathaus Davos<br \/>\n&#8211; Der Kalkofen von Surava<br \/>\n&#8211; Die Mineralien des Bergbaus an der Buffalora und\u00a0 ein Barytfund am Piz Daint am Ofenpass<br \/>\n&#8211; Cruschetta \u2013 ein Versuch lange danach<br \/>\n&#8211; Christlieb Ehregott Gellert, Metallurge und Mineraloge des 18. Jh.<br \/>\n&#8211; Bernhard von Cotta, bedeutender Geologe\u00a0 der Erzlagerst\u00e4ttenlehre<br \/>\n&#8211; Bernhard Konstantin Ludwig Braunsdorf,\u00a0 erster s\u00e4chsischer Bergjurist<br \/>\n&#8211; Karl Julius Braunsdorf, Bergbau-Maschinenkonstrukteur<br \/>\n&#8211; Die Erfindung von Dynamit<br \/>\n&#8211; Aus alten Akten<br \/>\n&#8211; 38. Vereinsversammlung FBG vom 15. M\u00e4rz 2014 in Davos<br \/>\n&#8211; 14. Ordentliche Vereinsversammlung des Bergbauvereins Silberberg Davos, BSD<br \/>\n&#8211; 4. Ordentliche Vereinsversammlung des Vereins Erzminen Hinterrhein<br \/>\n&#8211; Stiftung Bergbaumuseum Schmelzboden<br \/>\n&#8211; Vorschau Exkursion 2014<br \/>\n&#8211; Vorschau Workshop 2014<br \/>\n&#8211; SGHB Minaria<br \/>\n&#8211; Neue B\u00fccher<br \/>\n&#8211; Aus der Presse<br \/>\n&#8211; Die Jahresbeitr\u00e4ge 2014 werden f\u00e4llig<br \/>\n&#8211; Mitglied werden im FBG<\/p>\n<p><a href=\"https:\/\/www.bergbau-gr.ch\/wordpress\/wp-content\/uploads\/bk\/bk_125.pdf\" target=\"_blank\">Bergknappe Nr. 125<\/a>, 2\/2014,\u00a0 Oktober<br \/>\n\u2013\u00a0 Impressum<br \/>\n\u2013\u00a0 Wort der Pr\u00e4sidentin<br \/>\n\u2013\u00a0 Toni Thaller, ein Nachruf<br \/>\n\u2013\u00a0 Die interessantesten Erze, Mineralien und Gesteine im Gotschna- und Casannagebiet (Teil 3)<br \/>\n\u2013\u00a0 Der Kalkofen von Surava (Teil 2)<br \/>\n\u2013\u00a0 Exkursion EHR und Fachbereich Arch\u00e4ologie der Universit\u00e4t Z\u00fcrich im Schams<br \/>\n\u2013\u00a0 Pr\u00e4historische Verh\u00fcttung im Avers<br \/>\n\u2013\u00a0 Bergbaumuseum Innerferrera<br \/>\n\u2013\u00a0 Goldene Sonne am Calanda, ein neuer Stollenplan<br \/>\n\u2013\u00a0 Heinrich Ludwig Lattermann, Giessereifachmann im Bergbau<br \/>\n\u2013\u00a0 Friedrich Schumacher, Montangeologe<br \/>\n\u2013\u00a0 Otto Meisser, Pionier der angewandten Geophysik<br \/>\n\u2013\u00a0 Christian Hugo Theodor Erhard, Elektrotechniker im Bergbau<br \/>\n\u2013\u00a0 Stromproduktion und Bergbau<br \/>\n\u2013\u00a0 FBG-Exkursion 2014, Val S-charl<br \/>\n\u2013\u00a0 Vereinsversammlung der Miniers da S-charl<br \/>\n\u2013\u00a0 Bergwerke Val Minor und Camino\u00a0 \u2013\u00a0 Stiftung Bergbaumuseum Graub\u00fcnden, Schmelzboden Davos<br \/>\n\u2013\u00a0 17. Internationaler Bergbau- und Montanhistorik Workshop 2014<br \/>\n\u2013\u00a0 18. Internationaler Bergbau- und Montanhistorik Workshop 2015 in Andeer<br \/>\n\u2013\u00a0 Der BERGKNAPPE im Jahre 2015<br \/>\n\u2013\u00a0 Aus der Presse<br \/>\n\u2013\u00a0 Mitglied werden im FBG<\/p>\n<p>Die neuste Ausgabe wird jeweils nicht in elektronischer Form angeboten<\/p>\n<p><a title=\"Bergknappe\" href=\"https:\/\/www.bergbau-gr.ch\/wordpress\/?page_id=61\">Zum Anfang Bergknappe<\/a><\/p>\n<p><small><br \/>\n<\/small><\/p>\n<p><small><br \/>\n<\/small><\/p>\n","protected":false},"excerpt":{"rendered":"<p>Ausgabe Nr. 116-125, 2009-2014 Bergknappe Nr. 116, 1\/2010,\u00a0 April &#8211; Wort der Pr\u00e4sidentin &#8211; Sanieren von Baudenkm\u00e4lern und historischen Bauten &#8211; Der Bergmannsschmuck des Kurf\u00fcrsten\u00a0 Johann Georg II von Sachsen &#8211; Carl Friedrich Christian Mohs &#8211; Friedrich Wilhelm Heinrich von &hellip; <a href=\"https:\/\/bergbau-gr.ch\/?page_id=760\">Weiterlesen <span class=\"meta-nav\">&rarr;<\/span><\/a><\/p>\n","protected":false},"author":1,"featured_media":0,"parent":61,"menu_order":0,"comment_status":"open","ping_status":"closed","template":"showcase.php","meta":{"ngg_post_thumbnail":0,"footnotes":""},"class_list":["post-760","page","type-page","status-publish","hentry"],"_links":{"self":[{"href":"https:\/\/bergbau-gr.ch\/index.php?rest_route=\/wp\/v2\/pages\/760","targetHints":{"allow":["GET"]}}],"collection":[{"href":"https:\/\/bergbau-gr.ch\/index.php?rest_route=\/wp\/v2\/pages"}],"about":[{"href":"https:\/\/bergbau-gr.ch\/index.php?rest_route=\/wp\/v2\/types\/page"}],"author":[{"embeddable":true,"href":"https:\/\/bergbau-gr.ch\/index.php?rest_route=\/wp\/v2\/users\/1"}],"replies":[{"embeddable":true,"href":"https:\/\/bergbau-gr.ch\/index.php?rest_route=%2Fwp%2Fv2%2Fcomments&post=760"}],"version-history":[{"count":40,"href":"https:\/\/bergbau-gr.ch\/index.php?rest_route=\/wp\/v2\/pages\/760\/revisions"}],"predecessor-version":[{"id":5111,"href":"https:\/\/bergbau-gr.ch\/index.php?rest_route=\/wp\/v2\/pages\/760\/revisions\/5111"}],"up":[{"embeddable":true,"href":"https:\/\/bergbau-gr.ch\/index.php?rest_route=\/wp\/v2\/pages\/61"}],"wp:attachment":[{"href":"https:\/\/bergbau-gr.ch\/index.php?rest_route=%2Fwp%2Fv2%2Fmedia&parent=760"}],"curies":[{"name":"wp","href":"https:\/\/api.w.org\/{rel}","templated":true}]}}