{"id":790,"date":"2012-09-26T12:34:16","date_gmt":"2012-09-26T10:34:16","guid":{"rendered":"http:\/\/www.bergbau-gr.ch\/wordpress\/?page_id=790"},"modified":"2023-06-02T11:39:05","modified_gmt":"2023-06-02T09:39:05","slug":"mitglied-werden","status":"publish","type":"page","link":"https:\/\/bergbau-gr.ch\/?page_id=790","title":{"rendered":"Mitglied werden"},"content":{"rendered":"<p>Zum Mitglied werden bitte untenstehendes Formular ausf\u00fcllen und absenden<\/p>\n<p>:<div id=\"usermessage2a\" class=\"cf_info \"><\/div><form enctype=\"multipart\/form-data\" action=\"\/index.php?rest_route=%2Fwp%2Fv2%2Fpages%2F790#usermessage2a\" method=\"post\" class=\"cform cformsdirect mitgliedanmeldung \" id=\"cforms2form\"><fieldset class=\"cf-fs1\" style=\"\"><legend>Mitglied werden:<\/legend><ol class=\"cf-ol\"><li id=\"li-2-2\" class=\"\"><label id=\"label-2-2\" for=\"cf2_field_2\"><span>Anrede<\/span><\/label><input type=\"text\" name=\"cf2_field_2\" id=\"cf2_field_2\" class=\"single\" value=\"\" onfocus=\"clearField(this)\" onblur=\"setField(this)\" title=\"\"\/><\/li><li id=\"li-2-3\" class=\"\"><label id=\"label-2-3\" for=\"cf2_field_3\"><span>Vorname, Name<\/span><\/label><input type=\"text\" name=\"cf2_field_3\" id=\"cf2_field_3\" class=\"single fldrequired\" value=\"\" onfocus=\"clearField(this)\" onblur=\"setField(this)\" title=\"\"\/><span class=\"reqtxt\">(obligatorisch)<\/span><\/li><li id=\"li-2-4\" class=\"\"><label id=\"label-2-4\" for=\"cf2_field_4\"><span>Strasse, Nr.<\/span><\/label><input type=\"text\" name=\"cf2_field_4\" id=\"cf2_field_4\" class=\"single fldrequired\" value=\"\" onfocus=\"clearField(this)\" onblur=\"setField(this)\" title=\"\"\/><span class=\"reqtxt\">(obligatorisch)<\/span><\/li><li id=\"li-2-5\" class=\"\"><label id=\"label-2-5\" for=\"cf2_field_5\"><span>Postleitzahl<\/span><\/label><input type=\"text\" name=\"cf2_field_5\" id=\"cf2_field_5\" class=\"single fldrequired\" value=\"\" onfocus=\"clearField(this)\" onblur=\"setField(this)\" title=\"\"\/><span class=\"reqtxt\">(obligatorisch)<\/span><\/li><li id=\"li-2-6\" class=\"\"><label id=\"label-2-6\" for=\"cf2_field_6\"><span>Wohnort<\/span><\/label><input type=\"text\" name=\"cf2_field_6\" id=\"cf2_field_6\" class=\"single fldrequired\" value=\"\" onfocus=\"clearField(this)\" onblur=\"setField(this)\" title=\"\"\/><span class=\"reqtxt\">(obligatorisch)<\/span><\/li><li id=\"li-2-7\" class=\"\"><label id=\"label-2-7\" for=\"cf2_field_7\"><span>Land<\/span><\/label><input type=\"text\" name=\"cf2_field_7\" id=\"cf2_field_7\" class=\"single\" value=\"\" onfocus=\"clearField(this)\" onblur=\"setField(this)\" title=\"\"\/><\/li><li id=\"li-2-8\" class=\"\"><label id=\"label-2-8\" for=\"cf2_field_8\"><span>Festnetztelefon<\/span><\/label><input type=\"text\" name=\"cf2_field_8\" id=\"cf2_field_8\" class=\"single\" value=\"\" title=\"\"\/><\/li><li id=\"li-2-9\" class=\"\"><label id=\"label-2-9\" for=\"cf2_field_9\"><span>Telefon, mobile<\/span><\/label><input type=\"text\" name=\"cf2_field_9\" id=\"cf2_field_9\" class=\"single\" value=\"\" onfocus=\"clearField(this)\" onblur=\"setField(this)\" title=\"\"\/><\/li><li id=\"li-2-10\" class=\"\"><label id=\"label-2-10\" for=\"cf2_field_10\"><span>E-Mail-Adresse<\/span><\/label><input type=\"text\" name=\"cf2_field_10\" id=\"cf2_field_10\" class=\"single fldemail fldrequired\" value=\"\" onfocus=\"clearField(this)\" onblur=\"setField(this)\" title=\"\"\/><span class=\"emailreqtxt\">(g\u00fcltige eMail Adresse, obligatorisch)<\/span><\/li><li id=\"li-2-11\" class=\"\"><label id=\"label-2-11\" for=\"cf2_field_11\"><span>Mitteilung<\/span><\/label><textarea cols=\"30\" rows=\"8\" name=\"cf2_field_11\" id=\"cf2_field_11\" class=\"area\" title=\"\"><\/textarea><\/li><\/ol><\/fieldset><fieldset class=\"cf_hidden\"><legend>&nbsp;<\/legend><input type=\"hidden\" name=\"cf_working2\" id=\"cf_working2\" value=\"Bitte warten ...\"\/><input type=\"hidden\" name=\"cf_failure2\" id=\"cf_failure2\" value=\"Bitte Eingabe korrigieren\/erg\u00e4nzen\"\/><input type=\"hidden\" name=\"cf_customerr2\" id=\"cf_customerr2\" value=\"y\"\/><\/fieldset><p class=\"cf-sb\"><input type=\"submit\" name=\"sendbutton2\" id=\"sendbutton2\" class=\"sendbutton\" value=\"Senden\" \/><\/p><\/form><\/p>\n<p>Jahresbeitrag Fr. 50.-; mit Zeitschrift <a title=\"Bergknappe\" href=\"https:\/\/www.bergbau-gr.ch\/wordpress\/?page_id=61\" target=\"_blank\" rel=\"noopener noreferrer\">Bergknappe<\/a>.<\/p>\n<p><!--cforms name=\"Mitgliedanmeldung\"--><\/p>\n<p>Danke, wir freuen uns! Gl\u00fcck auf!<\/p>\n<p>Verein Freunde des Bergbaus in Graub\u00fcnden, FBG<br \/>\nPostFinance, Bern<br \/>\n<a href=\"https:\/\/bergbau-gr.ch\/wordpress\/wp-content\/uploads\/2023\/06\/qr-CH4609000000700102056.pdf\" target=\"_blank\" rel=\"noreferrer noopener\">IBAN CH46 0900 0000 7001 0205 6<\/a><\/p>\n<p><a title=\"Statuten\" href=\"https:\/\/www.bergbau-gr.ch\/wordpress\/wp-content\/uploads\/2018\/03\/Statuten-FBG-nach-Revision-2018.pdf\" target=\"_blank\" rel=\"noopener noreferrer\">Vereinsstatuten<\/a><\/p>\n","protected":false},"excerpt":{"rendered":"<p>Zum Mitglied werden bitte untenstehendes Formular ausf\u00fcllen und absenden : Jahresbeitrag Fr. 50.-; mit Zeitschrift Bergknappe. Danke, wir freuen uns! Gl\u00fcck auf! Verein Freunde des Bergbaus in Graub\u00fcnden, FBG PostFinance, Bern IBAN CH46 0900 0000 7001 0205 6 Vereinsstatuten<\/p>\n","protected":false},"author":1,"featured_media":0,"parent":67,"menu_order":0,"comment_status":"open","ping_status":"closed","template":"showcase.php","meta":{"ngg_post_thumbnail":0,"footnotes":""},"class_list":["post-790","page","type-page","status-publish","hentry"],"_links":{"self":[{"href":"https:\/\/bergbau-gr.ch\/index.php?rest_route=\/wp\/v2\/pages\/790","targetHints":{"allow":["GET"]}}],"collection":[{"href":"https:\/\/bergbau-gr.ch\/index.php?rest_route=\/wp\/v2\/pages"}],"about":[{"href":"https:\/\/bergbau-gr.ch\/index.php?rest_route=\/wp\/v2\/types\/page"}],"author":[{"embeddable":true,"href":"https:\/\/bergbau-gr.ch\/index.php?rest_route=\/wp\/v2\/users\/1"}],"replies":[{"embeddable":true,"href":"https:\/\/bergbau-gr.ch\/index.php?rest_route=%2Fwp%2Fv2%2Fcomments&post=790"}],"version-history":[{"count":35,"href":"https:\/\/bergbau-gr.ch\/index.php?rest_route=\/wp\/v2\/pages\/790\/revisions"}],"predecessor-version":[{"id":11430,"href":"https:\/\/bergbau-gr.ch\/index.php?rest_route=\/wp\/v2\/pages\/790\/revisions\/11430"}],"up":[{"embeddable":true,"href":"https:\/\/bergbau-gr.ch\/index.php?rest_route=\/wp\/v2\/pages\/67"}],"wp:attachment":[{"href":"https:\/\/bergbau-gr.ch\/index.php?rest_route=%2Fwp%2Fv2%2Fmedia&parent=790"}],"curies":[{"name":"wp","href":"https:\/\/api.w.org\/{rel}","templated":true}]}}