{"id":821,"date":"2012-09-26T15:54:34","date_gmt":"2012-09-26T13:54:34","guid":{"rendered":"http:\/\/www.bergbau-gr.ch\/wordpress\/?page_id=821"},"modified":"2018-08-06T14:41:23","modified_gmt":"2018-08-06T12:41:23","slug":"besucherbergwerke","status":"publish","type":"page","link":"https:\/\/bergbau-gr.ch\/?page_id=821","title":{"rendered":"Besucherbergwerke GR"},"content":{"rendered":"<p>An folgenden Orten finden in Graub\u00fcnden w\u00e4hrend den Sommermonaten regelm\u00e4ssig gef\u00fchrte Besichtigungen der historischen Bergwerksanlagen statt:<\/p>\n<div id=\"inner-shortcode-dialog\">\n<div id=\"inner-shortcode-dialog\"><strong><strong>[google-map-v3 width=&#8220;800&#8243; height=&#8220;500&#8243; zoom=&#8220;12&#8243; maptype=&#8220;terrain&#8220; mapalign=&#8220;center&#8220; directionhint=&#8220;false&#8220; language=&#8220;default&#8220; poweredby=&#8220;false&#8220; maptypecontrol=&#8220;true&#8220; pancontrol=&#8220;true&#8220; zoomcontrol=&#8220;true&#8220; scalecontrol=&#8220;true&#8220; streetviewcontrol=&#8220;false&#8220; scrollwheelcontrol=&#8220;false&#8220; draggable=&#8220;true&#8220; tiltfourtyfive=&#8220;false&#8220; addmarkermashupbubble=&#8220;false&#8220; addmarkermashupbubble=&#8220;false&#8220; addmarkerlist=&#8220;Davos Monstein{}mine-2.png{}Silberberg, Schmelzboden, #http:\/\/silberberg-davos.ch#<strong><strong><strong><strong>|<\/strong><\/strong>46.7240, 9.6648{}mine-2.png{}Schmittner Bleiberg, #http:\/\/www.erzgruben.ch#<\/strong><\/strong>|Obersaxen Platenga{}mine-2.png{}Platenga Tobel, #https:\/\/www.surselva.info\/Media\/Attraktionen\/Erzbergwerk-Platenga#|S-charl{}mine-2.png{}Schmelzra, Mot Madlain, #http:\/\/www.schmelzra.ch\/1\/excursiuns-mot-madlain\/#|Buffalora<\/strong><\/strong><strong><strong><strong>, Ofenpass{}mine-2.png{}Bergwerksstollen, #http:\/\/minieras.123website.ch\/347654740#<\/strong><strong><strong>|<\/strong><\/strong>Zillis{}mine-2.png{}Alp Taspegn, #http:\/\/www.erzminen-hinterrhein.ch\/f%C3%BChrungen\/taspegn\/#|Andeer{}mine-2.png{}Schmelzra, Ursera, #http:\/\/www.erzminen-hinterrhein.ch\/f%C3%BChrungen\/ursera\/#|Berninapass{}mine-2.png{}Val Minor, z. Z. keine F\u00fchrungen&#8220; bubbleautopan=&#8220;true&#8220; showbike=&#8220;false&#8220; showtraffic=&#8220;false&#8220; showpanoramio=&#8220;false&#8220;]<\/strong><\/strong><\/div>\n<div>\n<p><strong><a title=\"Silberberg\" href=\"http:\/\/silberberg-davos.ch\" target=\"_blank\" rel=\"noopener\"><br \/>\nSilberberg Davos<\/a><\/strong>, ab Monstein oder Schmelzboden<a href=\"https:\/\/www.bergbau-gr.ch\/wordpress\/?page_id=6690\" target=\"_blank\" rel=\"noopener\"><img loading=\"lazy\" decoding=\"async\" class=\"wp-image-6697 alignright\" src=\"https:\/\/www.bergbau-gr.ch\/wordpress\/wp-content\/uploads\/2017\/06\/Seite01.jpg\" alt=\"\" width=\"160\" height=\"305\"><\/a><br \/>\nVeranstalter: Destination Davos Klosters, Tel.: +41 (0)81 415 21 21 oder<br \/>\ndirekt bei BSD, Tel.: +41 (0)79 616 75 74, <a href=\"mailto:praesident@silberberg-davos.ch\">praesident@silberberg-davos.ch<\/a><\/p>\n<p><strong><a title=\"Schmelzra\" href=\"http:\/\/www.schmelzra.ch\/1\/excursiuns-mot-madlain\/\" target=\"_blank\" rel=\"noopener\">S-charl, Schmelzra, Mot Madlain<\/a><\/strong>, ab S-charl<br \/>\nTourismus Engadin Scuol, Events,+41 (0)81 861 22 22 oder 081 864 06 18:<br \/>\nEinfach: Freitag, ev. auch Mittwoch bis Ende Oktober,<br \/>\nAnspruchsvoll: Dienstag bis Ende Oktober<\/p>\n<p><a title=\"Taspegn\" href=\"http:\/\/www.viamala.ch\/sommer\/natur-kultur\/besichtigungen\/bergbau-erlebnisse-im-schams.html\" target=\"_blank\" rel=\"noopener\"><strong>Alp Taspegn<\/strong><\/a>, ab Zillis<br \/>\nMittwoch: Juli bis Ende September, G\u00e4steinformation Viamala, Tel. +41 (0)81 650 90 30<\/p>\n<p><a title=\"Ursera\" href=\"http:\/\/naturpark-beverin.ch\/index.php?page=512\" target=\"_blank\" rel=\"noopener\"><strong>Ursera<\/strong><\/a>, ab Andeer<br \/>\nFreitag: Juli\/ August, G\u00e4steinformation Viamala, Tel. +41 (0)81 650 90 30<\/p>\n<p><strong><a title=\"Buffalora\" href=\"http:\/\/minieras.123website.ch\/347654740\" target=\"_blank\" rel=\"noopener\">Buffalora<\/a><\/strong>, ab Buffalora<br \/>\nJuli bis September, <a href=\"http:\/\/www.val-muestair.ch\">val-muestair.ch<\/a> &nbsp; +41 (0)81 861 88 40<\/p>\n<p><strong><a title=\"Obersaxen, Platenga\" href=\"https:\/\/www.surselva.info\/Media\/Attraktionen\/Erzbergwerk-Platenga\" target=\"_blank\" rel=\"noopener\">Obersaxen<\/a><\/strong>, ab dem roten B\u00e4nkli im Tobel vor Platenga<br \/>\nMontag bis Mitte Oktober, +41 (0)81 933 22 22<\/p>\n<\/div>\n<p><strong><a title=\"Bliiberg\" href=\"http:\/\/erzgruben.ch\" target=\"_blank\" rel=\"noopener\"><strong>Schmitten<\/strong><\/a>, Blyberg<br \/>\n<\/strong>nach Vereinbarung: jeden Sonntag vom 01. Juli bis 30. Oktober,&nbsp;+41 (0)79 611 15 50 (R. Item)<\/p>\n<\/div>\n","protected":false},"excerpt":{"rendered":"<p>An folgenden Orten finden in Graub\u00fcnden w\u00e4hrend den Sommermonaten regelm\u00e4ssig gef\u00fchrte Besichtigungen der historischen Bergwerksanlagen statt: [google-map-v3 width=&#8220;800&#8243; height=&#8220;500&#8243; zoom=&#8220;12&#8243; maptype=&#8220;terrain&#8220; mapalign=&#8220;center&#8220; directionhint=&#8220;false&#8220; language=&#8220;default&#8220; poweredby=&#8220;false&#8220; maptypecontrol=&#8220;true&#8220; pancontrol=&#8220;true&#8220; zoomcontrol=&#8220;true&#8220; scalecontrol=&#8220;true&#8220; streetviewcontrol=&#8220;false&#8220; scrollwheelcontrol=&#8220;false&#8220; draggable=&#8220;true&#8220; tiltfourtyfive=&#8220;false&#8220; addmarkermashupbubble=&#8220;false&#8220; addmarkermashupbubble=&#8220;false&#8220; addmarkerlist=&#8220;Davos Monstein{}mine-2.png{}Silberberg, Schmelzboden, #http:\/\/silberberg-davos.ch#|46.7240, 9.6648{}mine-2.png{}Schmittner &hellip; <a href=\"https:\/\/bergbau-gr.ch\/?page_id=821\">Weiterlesen <span class=\"meta-nav\">&rarr;<\/span><\/a><\/p>\n","protected":false},"author":1,"featured_media":0,"parent":7333,"menu_order":0,"comment_status":"open","ping_status":"closed","template":"showcase.php","meta":{"ngg_post_thumbnail":0,"footnotes":""},"class_list":["post-821","page","type-page","status-publish","hentry"],"_links":{"self":[{"href":"https:\/\/bergbau-gr.ch\/index.php?rest_route=\/wp\/v2\/pages\/821","targetHints":{"allow":["GET"]}}],"collection":[{"href":"https:\/\/bergbau-gr.ch\/index.php?rest_route=\/wp\/v2\/pages"}],"about":[{"href":"https:\/\/bergbau-gr.ch\/index.php?rest_route=\/wp\/v2\/types\/page"}],"author":[{"embeddable":true,"href":"https:\/\/bergbau-gr.ch\/index.php?rest_route=\/wp\/v2\/users\/1"}],"replies":[{"embeddable":true,"href":"https:\/\/bergbau-gr.ch\/index.php?rest_route=%2Fwp%2Fv2%2Fcomments&post=821"}],"version-history":[{"count":85,"href":"https:\/\/bergbau-gr.ch\/index.php?rest_route=\/wp\/v2\/pages\/821\/revisions"}],"predecessor-version":[{"id":7269,"href":"https:\/\/bergbau-gr.ch\/index.php?rest_route=\/wp\/v2\/pages\/821\/revisions\/7269"}],"up":[{"embeddable":true,"href":"https:\/\/bergbau-gr.ch\/index.php?rest_route=\/wp\/v2\/pages\/7333"}],"wp:attachment":[{"href":"https:\/\/bergbau-gr.ch\/index.php?rest_route=%2Fwp%2Fv2%2Fmedia&parent=821"}],"curies":[{"name":"wp","href":"https:\/\/api.w.org\/{rel}","templated":true}]}}