{"id":8564,"date":"2021-07-11T10:54:30","date_gmt":"2021-07-11T08:54:30","guid":{"rendered":"https:\/\/bergbau-gr.ch\/?page_id=8564"},"modified":"2021-11-01T15:15:34","modified_gmt":"2021-11-01T14:15:34","slug":"souvenirs","status":"publish","type":"page","link":"https:\/\/bergbau-gr.ch\/?page_id=8564","title":{"rendered":"Souvenirs"},"content":{"rendered":"\n<p><strong data-rich-text-format-boundary=\"true\">Leibchen schwarz<\/strong><\/p>\n\n\n\n<div class=\"wp-block-image\"><figure class=\"alignright\"><a href=\"https:\/\/bergbau-gr.ch\/wordpress\/wp-content\/uploads\/2015\/06\/Schlegel_Eisen_logo_FBG_invert.jpg\"><img loading=\"lazy\" decoding=\"async\" width=\"300\" height=\"138\" src=\"https:\/\/bergbau-gr.ch\/wordpress\/wp-content\/uploads\/2015\/06\/Schlegel_Eisen_logo_FBG_invert-300x138.jpg\" alt=\"\" class=\"wp-image-4620\" srcset=\"https:\/\/bergbau-gr.ch\/wordpress\/wp-content\/uploads\/2015\/06\/Schlegel_Eisen_logo_FBG_invert-300x138.jpg 300w, https:\/\/bergbau-gr.ch\/wordpress\/wp-content\/uploads\/2015\/06\/Schlegel_Eisen_logo_FBG_invert-1024x470.jpg 1024w, https:\/\/bergbau-gr.ch\/wordpress\/wp-content\/uploads\/2015\/06\/Schlegel_Eisen_logo_FBG_invert-500x230.jpg 500w\" sizes=\"auto, (max-width: 300px) 100vw, 300px\" \/><\/a><\/figure><\/div>\n\n\n\n<p><br>Kurzarm-Leibchen vorne mit dem Logo \u00fcber dem Herzen,<br>R\u00fcckseite: Kristalllogo wie auf dem BERGKNAPPEN-Hintergrund.<br>Lieferbare Standartgr\u00f6ssen S, M, L, XL<br>Preis pro Leibchen CHF 30.-<br>Versand auf Wunsch CHF 7.-<br>nur noch einzelne Restst\u00fccke<br><\/p>\n\n\n\n<figure class=\"wp-block-gallery columns-3 is-cropped wp-block-gallery-1 is-layout-flex wp-block-gallery-is-layout-flex\"><ul class=\"blocks-gallery-grid\"><li class=\"blocks-gallery-item\"><figure><img loading=\"lazy\" decoding=\"async\" width=\"664\" height=\"737\" src=\"https:\/\/bergbau-gr.ch\/wordpress\/wp-content\/uploads\/2021\/07\/Tshirtvorn.jpg\" alt=\"\" data-id=\"8608\" data-full-url=\"https:\/\/bergbau-gr.ch\/wordpress\/wp-content\/uploads\/2021\/07\/Tshirtvorn.jpg\" data-link=\"https:\/\/bergbau-gr.ch\/?attachment_id=8608\" class=\"wp-image-8608\" srcset=\"https:\/\/bergbau-gr.ch\/wordpress\/wp-content\/uploads\/2021\/07\/Tshirtvorn.jpg 664w, https:\/\/bergbau-gr.ch\/wordpress\/wp-content\/uploads\/2021\/07\/Tshirtvorn-270x300.jpg 270w, https:\/\/bergbau-gr.ch\/wordpress\/wp-content\/uploads\/2021\/07\/Tshirtvorn-135x150.jpg 135w\" sizes=\"auto, (max-width: 664px) 100vw, 664px\" \/><\/figure><\/li><li class=\"blocks-gallery-item\"><figure><img loading=\"lazy\" decoding=\"async\" width=\"768\" height=\"1024\" src=\"https:\/\/bergbau-gr.ch\/wordpress\/wp-content\/uploads\/2021\/06\/20210622_161848-768x1024.jpg\" alt=\"\" data-id=\"8570\" data-full-url=\"https:\/\/bergbau-gr.ch\/wordpress\/wp-content\/uploads\/2021\/06\/20210622_161848.jpg\" data-link=\"https:\/\/bergbau-gr.ch\/?attachment_id=8570\" class=\"wp-image-8570\" srcset=\"https:\/\/bergbau-gr.ch\/wordpress\/wp-content\/uploads\/2021\/06\/20210622_161848-768x1024.jpg 768w, https:\/\/bergbau-gr.ch\/wordpress\/wp-content\/uploads\/2021\/06\/20210622_161848-225x300.jpg 225w, https:\/\/bergbau-gr.ch\/wordpress\/wp-content\/uploads\/2021\/06\/20210622_161848-113x150.jpg 113w, https:\/\/bergbau-gr.ch\/wordpress\/wp-content\/uploads\/2021\/06\/20210622_161848.jpg 1006w\" sizes=\"auto, (max-width: 768px) 100vw, 768px\" \/><\/figure><\/li><li class=\"blocks-gallery-item\"><figure><img loading=\"lazy\" decoding=\"async\" width=\"666\" height=\"745\" src=\"https:\/\/bergbau-gr.ch\/wordpress\/wp-content\/uploads\/2021\/07\/Tshirthinten.jpg\" alt=\"\" data-id=\"8609\" data-full-url=\"https:\/\/bergbau-gr.ch\/wordpress\/wp-content\/uploads\/2021\/07\/Tshirthinten.jpg\" data-link=\"https:\/\/bergbau-gr.ch\/?attachment_id=8609\" class=\"wp-image-8609\" srcset=\"https:\/\/bergbau-gr.ch\/wordpress\/wp-content\/uploads\/2021\/07\/Tshirthinten.jpg 666w, https:\/\/bergbau-gr.ch\/wordpress\/wp-content\/uploads\/2021\/07\/Tshirthinten-268x300.jpg 268w, https:\/\/bergbau-gr.ch\/wordpress\/wp-content\/uploads\/2021\/07\/Tshirthinten-134x150.jpg 134w\" sizes=\"auto, (max-width: 666px) 100vw, 666px\" \/><\/figure><\/li><\/ul><\/figure>\n\n\n<p>Bestellung bis 31. Juli 2021:<br><div id=\"usermessagea\" class=\"cf_info \"><\/div><form enctype=\"multipart\/form-data\" action=\"\/index.php?rest_route=%2Fwp%2Fv2%2Fpages%2F8564#usermessagea\" method=\"post\" class=\"cform cformsdirect leibchenbestellung \" id=\"cformsform\"><ol class=\"cf-ol\"><li id=\"li--2\" class=\"\"><label id=\"label--2\" for=\"cf_field_2\"><span>Vorname<\/span><\/label><input type=\"text\" name=\"cf_field_2\" id=\"cf_field_2\" class=\"single fldrequired\" value=\"\" title=\"\"\/><span class=\"reqtxt\">obligatorisch<\/span><\/li><li id=\"li--3\" class=\"\"><label id=\"label--3\" for=\"cf_field_3\"><span> Name<\/span><\/label><input type=\"text\" name=\"cf_field_3\" id=\"cf_field_3\" class=\"single fldrequired\" value=\"\" title=\"\"\/><span class=\"reqtxt\">obligatorisch<\/span><\/li><li id=\"li--4\" class=\"\"><label id=\"label--4\" for=\"cf_field_4\"><span>Strasse Hausnummer<\/span><\/label><input type=\"text\" name=\"cf_field_4\" id=\"cf_field_4\" class=\"single fldrequired\" value=\"\" title=\"\"\/><span class=\"reqtxt\">obligatorisch<\/span><\/li><li id=\"li--5\" class=\"\"><label id=\"label--5\" for=\"cf_field_5\"><span>Postleitzahl <\/span><\/label><input type=\"text\" name=\"cf_field_5\" id=\"cf_field_5\" class=\"single fldrequired\" value=\"\" title=\"\"\/><span class=\"reqtxt\">obligatorisch<\/span><\/li><li id=\"li--6\" class=\"\"><label id=\"label--6\" for=\"cf_field_6\"><span>Wohnort<\/span><\/label><input type=\"text\" name=\"cf_field_6\" id=\"cf_field_6\" class=\"single fldrequired\" value=\"\" title=\"\"\/><span class=\"reqtxt\">obligatorisch<\/span><\/li><li id=\"li--7\" class=\"\"><label id=\"label--7\" for=\"cf_field_7\"><span>E-Mail-Adresse<\/span><\/label><input type=\"text\" name=\"cf_field_7\" id=\"cf_field_7\" class=\"single fldemail fldrequired\" value=\"\" title=\"\"\/><span class=\"emailreqtxt\">g\u00fcltige E-Mailadresse<\/span><\/li><li id=\"li--8\" class=\"\"><label id=\"label--8\" for=\"cf_field_8\"><span>Telefonnummer<\/span><\/label><input type=\"text\" name=\"cf_field_8\" id=\"cf_field_8\" class=\"single\" value=\"\" title=\"\"\/><\/li><li id=\"li--9\" class=\"\"><label id=\"label--9\" for=\"cf_field_9\"><span>Abholung oder Versand<\/span><\/label><select name=\"cf_field_9\" id=\"cf_field_9\" class=\"cformselect fldrequired\" title=\"Abholen oder Versand\"><option value=\"Abholen nach Absprache\">Abholen nach Absprache<\/option><option value=\"Versand per Post f\u00fcr CHF 7.-\">Versand per Post f\u00fcr CHF 7.-<\/option><\/select><span class=\"reqtxt\">obligatorisch<\/span><\/li><li id=\"li--10\" class=\"\"><label id=\"label--10\" for=\"cf_field_10\"><span>Bemerkungen<\/span><\/label><textarea cols=\"30\" rows=\"8\" name=\"cf_field_10\" id=\"cf_field_10\" class=\"area\" title=\"\"><\/textarea><\/li><\/ol><fieldset class=\"cf_hidden\"><legend>&nbsp;<\/legend><input type=\"hidden\" name=\"cf_working\" id=\"cf_working\" value=\"Bitte warten...\"\/><input type=\"hidden\" name=\"cf_failure\" id=\"cf_failure\" value=\"Bitte Exkursionen angeben\"\/><input type=\"hidden\" name=\"cf_customerr\" id=\"cf_customerr\" value=\"y\"\/><\/fieldset><p class=\"cf-sb\"><input type=\"submit\" name=\"sendbutton\" id=\"sendbutton\" class=\"sendbutton\" value=\"Submit\" \/><\/p><\/form><\/p>\n\n\n<p><\/p>\n","protected":false},"excerpt":{"rendered":"<p>Leibchen schwarz Kurzarm-Leibchen vorne mit dem Logo \u00fcber dem Herzen,R\u00fcckseite: Kristalllogo wie auf dem BERGKNAPPEN-Hintergrund.Lieferbare Standartgr\u00f6ssen S, M, L, XLPreis pro Leibchen CHF 30.-Versand auf Wunsch CHF 7.-nur noch einzelne Restst\u00fccke Bestellung bis 31. Juli 2021:<\/p>\n","protected":false},"author":1,"featured_media":0,"parent":0,"menu_order":0,"comment_status":"closed","ping_status":"closed","template":"showcase.php","meta":{"ngg_post_thumbnail":0,"footnotes":""},"class_list":["post-8564","page","type-page","status-publish","hentry"],"_links":{"self":[{"href":"https:\/\/bergbau-gr.ch\/index.php?rest_route=\/wp\/v2\/pages\/8564","targetHints":{"allow":["GET"]}}],"collection":[{"href":"https:\/\/bergbau-gr.ch\/index.php?rest_route=\/wp\/v2\/pages"}],"about":[{"href":"https:\/\/bergbau-gr.ch\/index.php?rest_route=\/wp\/v2\/types\/page"}],"author":[{"embeddable":true,"href":"https:\/\/bergbau-gr.ch\/index.php?rest_route=\/wp\/v2\/users\/1"}],"replies":[{"embeddable":true,"href":"https:\/\/bergbau-gr.ch\/index.php?rest_route=%2Fwp%2Fv2%2Fcomments&post=8564"}],"version-history":[{"count":23,"href":"https:\/\/bergbau-gr.ch\/index.php?rest_route=\/wp\/v2\/pages\/8564\/revisions"}],"predecessor-version":[{"id":8707,"href":"https:\/\/bergbau-gr.ch\/index.php?rest_route=\/wp\/v2\/pages\/8564\/revisions\/8707"}],"wp:attachment":[{"href":"https:\/\/bergbau-gr.ch\/index.php?rest_route=%2Fwp%2Fv2%2Fmedia&parent=8564"}],"curies":[{"name":"wp","href":"https:\/\/api.w.org\/{rel}","templated":true}]}}