{"id":92,"date":"2012-03-20T10:05:02","date_gmt":"2012-03-20T10:05:02","guid":{"rendered":"http:\/\/bergbau.mindblow.ch\/?page_id=92"},"modified":"2023-12-23T09:41:24","modified_gmt":"2023-12-23T08:41:24","slug":"vorstand","status":"publish","type":"page","link":"https:\/\/bergbau-gr.ch\/?page_id=92","title":{"rendered":"Adressen\/Vorstand"},"content":{"rendered":"<p><strong><a href=\"mailto:fbg@bergbau-gr.ch\">Adressen <\/a>des Vereins FBG:<\/strong><\/p>\n<table style=\"border-collapse: collapse; width: 100%;\" border=\"1\">\n<tbody>\n<tr>\n<td style=\"width: 50%;\"><strong>Freunde des Bergbaus in Graub\u00fcnden FBG<\/strong><\/td>\n<td style=\"width: 50%;\">Redaktion <strong>BERGKNAPPE<\/strong><\/td>\n<\/tr>\n<tr>\n<td style=\"width: 50%;\"><strong>Schulstrasse&nbsp; 15<\/strong><\/td>\n<td style=\"width: 50%;\"><strong>Via Prad\u00e8 24<\/strong><\/td>\n<\/tr>\n<tr>\n<td style=\"width: 50%;\"><strong>7302 Landquart<\/strong><\/td>\n<td style=\"width: 50%;\"><strong>7505 Celerina<\/strong><\/td>\n<\/tr>\n<tr>\n<td style=\"width: 50%;\"><a href=\"mailto:fbg@bergbau-gr.ch\">fbg@bergbau-gr.ch<\/a><\/td>\n<td style=\"width: 50%;\"><a href=\"mailto:redaktion@bergbau-gr.ch\">redaktion@bergbau-gr.ch<\/a><\/td>\n<\/tr>\n<tr>\n<td style=\"width: 50%;\">Tel. 081 302 78 31<\/td>\n<td style=\"width: 50%;\">Tel. 081 833 45 82<\/td>\n<\/tr>\n<\/tbody>\n<\/table>\n<p><strong>Konto<\/strong>: PostFinance, Bern<br \/>\nBIC\/Swift POFICHBEXXX,<br \/>\n<a href=\"https:\/\/bergbau-gr.ch\/wordpress\/wp-content\/uploads\/2023\/06\/qr-CH4609000000700102056.pdf\" target=\"_blank\" rel=\"noreferrer noopener\">IBAN CH46 0900 0000 7001 0205 6<\/a><br \/>\nDanke f\u00fcr alle Spenden und Mitgliederbeitr\u00e4ge<\/p>\n<p><strong><img loading=\"lazy\" decoding=\"async\" class=\"wp-image-7542 alignright\" src=\"https:\/\/www.bergbau-gr.ch\/wordpress\/wp-content\/uploads\/2019\/02\/Praesident.jpg\" alt=\"\" width=\"84\" height=\"75\" srcset=\"https:\/\/bergbau-gr.ch\/wordpress\/wp-content\/uploads\/2019\/02\/Praesident.jpg 277w, https:\/\/bergbau-gr.ch\/wordpress\/wp-content\/uploads\/2019\/02\/Praesident-150x132.jpg 150w\" sizes=\"auto, (max-width: 84px) 100vw, 84px\" \/><\/strong><\/p>\n<p><strong>&nbsp;<\/strong><\/p>\n<p><strong>Pr\u00e4sident:<\/strong> <a href=\"mailto:fbg@bergbau-gr.ch\">Hansueli Suter<\/a>, Landquart<\/p>\n<p><strong>Vorstand:<\/strong><br \/>\n<a href=\"https:\/\/www.bergbau-gr.ch\/wordpress\/wp-content\/uploads\/2018\/08\/Vorstand18.jpg\"><strong><img loading=\"lazy\" decoding=\"async\" class=\"alignright wp-image-7417\" src=\"https:\/\/www.bergbau-gr.ch\/wordpress\/wp-content\/uploads\/2018\/08\/Vorstand18-300x200.jpg\" alt=\"\" width=\"448\" height=\"303\"><\/strong><\/a>Sepp Beeler, Davos-Wiesen<br \/>\nGion Caprez, Chur<br \/>\nCristian Conradin, M\u00fcstair\/GR<br \/>\nBeat Hofmann, Scuol<br \/>\nHanspeter Hitz, Celerina<a href=\"mailto:hinterrhein@bergbau-gr.ch\"><br \/>\nJohannes Mani<\/a>, Pignia<br \/>\nRuedi Kr\u00e4henb\u00fchl, Thusis<br \/>\n<a href=\"mailto:redaktion@bergbau-gr.ch\">Elsbeth Rehm<\/a>, Celerina<br \/>\nBruno Riedhauser, Zillis<br \/>\n<a title=\"Mail\" href=\"mailto:admin@bergbau-gr.ch\">Hansueli Suter<\/a>, Landquart<\/p>\n<p>&nbsp;<\/p>\n<p><strong>Rechnungsrevisoren:<\/strong><br \/>\nStefan W. Meier, Knonau<br \/>\nHans St\u00e4bler, Filisur<\/p>\n<p>&nbsp;<\/p>\n<p><strong>In Gedenken an ehemalige Vorstands- und Ehrenmitglieder:<\/strong><\/p>\n<p><a href=\"https:\/\/bergbau-gr.ch\/?page_id=9709\"><img loading=\"lazy\" decoding=\"async\" class=\"alignright wp-image-9713\" src=\"https:\/\/bergbau-gr.ch\/wordpress\/wp-content\/uploads\/2023\/05\/VTJann4k-300x276.jpg\" alt=\"\" width=\"130\" height=\"120\" srcset=\"https:\/\/bergbau-gr.ch\/wordpress\/wp-content\/uploads\/2023\/05\/VTJann4k-300x276.jpg 300w, https:\/\/bergbau-gr.ch\/wordpress\/wp-content\/uploads\/2023\/05\/VTJann4k-150x138.jpg 150w, https:\/\/bergbau-gr.ch\/wordpress\/wp-content\/uploads\/2023\/05\/VTJann4k-768x706.jpg 768w, https:\/\/bergbau-gr.ch\/wordpress\/wp-content\/uploads\/2023\/05\/VTJann4k-327x300.jpg 327w, https:\/\/bergbau-gr.ch\/wordpress\/wp-content\/uploads\/2023\/05\/VTJann4k.jpg 800w\" sizes=\"auto, (max-width: 130px) 100vw, 130px\" \/><\/a>Am 20.5.23 verstarb<a href=\"https:\/\/bergbau-gr.ch\/?page_id=9709\"><strong> Jann Rehm<\/strong><\/a>. Seit der Gr\u00fcndung des Vereins war er immer aktiv und treibende Kraft. Als Chefredaktor pr\u00e4gte er den BERGKNAPPEN \u00fcber Jahre. Wir verlieren in Jann eine zentrale Pers\u00f6nlichkeit, die intesnsiv das Vereinsleben gepr\u00e4gt hat. Weiter Angaben auf der <a href=\"https:\/\/bergbau-gr.ch\/?page_id=9709\">Unterseite: Jann Rehm<\/a><strong><br \/>\n<\/strong><\/p>\n<p>Am 11.8.19 verstarb <a href=\"https:\/\/www.todesanzeigenportal.ch\/?IgB2eqlOyt5AK7\" target=\"_blank\" rel=\"noopener\">Walter Good<\/a>. Er war \u00e4usserst aktiv in der Bergbauforschung t\u00e4tig. Vollbrachte viele Arbeiten in und um den Silberberg. Intensiv brachte er sich im Vorstand auch des FBG und in der Redaktionskommission des BERGKNAPPEN ein. Im Bergwerk Silberberg, in den BERGKNAPPEN und nat\u00fcrlich bei allen, die Ihn kennen durften, wird er in bleibender Erinnerung bleiben.<\/p>\n<table style=\"border-collapse: collapse; width: 99.3151%; height: 299px;\" border=\"1\">\n<tbody>\n<tr>\n<td style=\"width: 184.667px;\"><a title=\"Toni Thaller\" href=\"https:\/\/www.bergbau-gr.ch\/wordpress\/?page_id=3143\"><img loading=\"lazy\" decoding=\"async\" class=\"wp-image-3146 aligncenter\" src=\"https:\/\/www.bergbau-gr.ch\/wordpress\/wp-content\/uploads\/2014\/07\/Gold1-235x300.jpg\" alt=\"Gold1\" width=\"144\" height=\"180\"><\/a><\/td>\n<td style=\"width: 184.667px;\"><a href=\"https:\/\/www.bergbau-gr.ch\/wordpress\/?page_id=3640\"><img loading=\"lazy\" decoding=\"async\" class=\"wp-image-4021 aligncenter\" src=\"https:\/\/www.bergbau-gr.ch\/wordpress\/wp-content\/uploads\/2015\/02\/Edi-Brun_5-216x300.jpg\" alt=\"\" width=\"133\" height=\"180\"><\/a><\/td>\n<td style=\"width: 184.667px;\"><a href=\"https:\/\/www.bergbau-gr.ch\/wordpress\/?page_id=7671\"><img loading=\"lazy\" decoding=\"async\" class=\"aligncenter wp-image-7673\" src=\"https:\/\/www.bergbau-gr.ch\/wordpress\/wp-content\/uploads\/2019\/04\/Kutzer.jpg\" alt=\"\" width=\"124\" height=\"180\"><\/a><\/td>\n<\/tr>\n<tr>\n<td style=\"width: 184.667px; text-align: center;\"><a href=\"https:\/\/www.bergbau-gr.ch\/wordpress\/?page_id=3143\">Toni Thaller<\/a><\/td>\n<td style=\"width: 184.667px; text-align: center;\"><a href=\"https:\/\/www.bergbau-gr.ch\/wordpress\/?page_id=3640\">Edi Brun<\/a><\/td>\n<td style=\"width: 184.667px; text-align: center;\"><a href=\"https:\/\/www.bergbau-gr.ch\/wordpress\/?page_id=7671\">Jochen Kutzer<\/a><\/td>\n<\/tr>\n<\/tbody>\n<\/table>\n<p style=\"text-align: left;\"><a href=\"https:\/\/www.bergbau-gr.ch\/wordpress\/?page_id=3143\">&nbsp;<\/a><\/p>\n<p>&nbsp;<\/p>\n<p style=\"text-align: center;\">&nbsp;<\/p>\n<p>&nbsp;<\/p>\n<p>&nbsp;<\/p>\n<p>&nbsp;<\/p>\n<p><strong><a title=\"Login\" href=\"https:\/\/www.bergbau-gr.ch\/wordpress\/wp-login.php\">Login <\/a><\/strong><\/p>\n","protected":false},"excerpt":{"rendered":"<p>Adressen des Vereins FBG: Freunde des Bergbaus in Graub\u00fcnden FBG Redaktion BERGKNAPPE Schulstrasse&nbsp; 15 Via Prad\u00e8 24 7302 Landquart 7505 Celerina fbg@bergbau-gr.ch redaktion@bergbau-gr.ch Tel. 081 302 78 31 Tel. 081 833 45 82 Konto: PostFinance, Bern BIC\/Swift POFICHBEXXX, IBAN CH46 &hellip; <a href=\"https:\/\/bergbau-gr.ch\/?page_id=92\">Weiterlesen <span class=\"meta-nav\">&rarr;<\/span><\/a><\/p>\n","protected":false},"author":1,"featured_media":0,"parent":67,"menu_order":0,"comment_status":"open","ping_status":"open","template":"showcase.php","meta":{"ngg_post_thumbnail":0,"footnotes":""},"class_list":["post-92","page","type-page","status-publish","hentry"],"_links":{"self":[{"href":"https:\/\/bergbau-gr.ch\/index.php?rest_route=\/wp\/v2\/pages\/92","targetHints":{"allow":["GET"]}}],"collection":[{"href":"https:\/\/bergbau-gr.ch\/index.php?rest_route=\/wp\/v2\/pages"}],"about":[{"href":"https:\/\/bergbau-gr.ch\/index.php?rest_route=\/wp\/v2\/types\/page"}],"author":[{"embeddable":true,"href":"https:\/\/bergbau-gr.ch\/index.php?rest_route=\/wp\/v2\/users\/1"}],"replies":[{"embeddable":true,"href":"https:\/\/bergbau-gr.ch\/index.php?rest_route=%2Fwp%2Fv2%2Fcomments&post=92"}],"version-history":[{"count":74,"href":"https:\/\/bergbau-gr.ch\/index.php?rest_route=\/wp\/v2\/pages\/92\/revisions"}],"predecessor-version":[{"id":10078,"href":"https:\/\/bergbau-gr.ch\/index.php?rest_route=\/wp\/v2\/pages\/92\/revisions\/10078"}],"up":[{"embeddable":true,"href":"https:\/\/bergbau-gr.ch\/index.php?rest_route=\/wp\/v2\/pages\/67"}],"wp:attachment":[{"href":"https:\/\/bergbau-gr.ch\/index.php?rest_route=%2Fwp%2Fv2%2Fmedia&parent=92"}],"curies":[{"name":"wp","href":"https:\/\/api.w.org\/{rel}","templated":true}]}}